{"id":4457,"date":"2021-03-11T04:52:16","date_gmt":"2021-03-11T04:52:16","guid":{"rendered":"https:\/\/dothoquynhanh.com\/?post_type=product&#038;p=4457"},"modified":"2021-03-11T04:52:18","modified_gmt":"2021-03-11T04:52:18","slug":"den-dau-bach-ngoc-xanh-phu-men-vang","status":"publish","type":"product","link":"https:\/\/dothoquynhanh.com\/?product=den-dau-bach-ngoc-xanh-phu-men-vang","title":{"rendered":"\u0110\u00e8n d\u1ea7u b\u1ea1ch ng\u1ecdc xanh ph\u1ee7 men v\u00e0ng"},"content":{"rendered":"<p><img loading=\"lazy\" decoding=\"async\" class=\"alignnone size-medium wp-image-4458\" src=\"http:\/\/dothoquynhanh.com\/wp-content\/uploads\/2021\/03\/21f52f0daa8d59d3009c17-300x400.jpg\" alt=\"\" width=\"300\" height=\"400\" srcset=\"https:\/\/dothoquynhanh.com\/wp-content\/uploads\/2021\/03\/21f52f0daa8d59d3009c17-300x400.jpg 300w, https:\/\/dothoquynhanh.com\/wp-content\/uploads\/2021\/03\/21f52f0daa8d59d3009c17-600x800.jpg 600w, https:\/\/dothoquynhanh.com\/wp-content\/uploads\/2021\/03\/21f52f0daa8d59d3009c17-768x1024.jpg 768w, https:\/\/dothoquynhanh.com\/wp-content\/uploads\/2021\/03\/21f52f0daa8d59d3009c17-510x680.jpg 510w, https:\/\/dothoquynhanh.com\/wp-content\/uploads\/2021\/03\/21f52f0daa8d59d3009c17.jpg 960w\" sizes=\"auto, (max-width: 300px) 100vw, 300px\" \/> <img loading=\"lazy\" decoding=\"async\" class=\"alignnone size-medium wp-image-4459\" src=\"http:\/\/dothoquynhanh.com\/wp-content\/uploads\/2021\/03\/50d3012d84ad77f32ebc16-300x400.jpg\" alt=\"\" width=\"300\" height=\"400\" srcset=\"https:\/\/dothoquynhanh.com\/wp-content\/uploads\/2021\/03\/50d3012d84ad77f32ebc16-300x400.jpg 300w, https:\/\/dothoquynhanh.com\/wp-content\/uploads\/2021\/03\/50d3012d84ad77f32ebc16-600x800.jpg 600w, https:\/\/dothoquynhanh.com\/wp-content\/uploads\/2021\/03\/50d3012d84ad77f32ebc16-768x1024.jpg 768w, https:\/\/dothoquynhanh.com\/wp-content\/uploads\/2021\/03\/50d3012d84ad77f32ebc16-510x680.jpg 510w, https:\/\/dothoquynhanh.com\/wp-content\/uploads\/2021\/03\/50d3012d84ad77f32ebc16.jpg 960w\" sizes=\"auto, (max-width: 300px) 100vw, 300px\" \/> <img loading=\"lazy\" decoding=\"async\" class=\"alignnone size-medium wp-image-4460\" src=\"http:\/\/dothoquynhanh.com\/wp-content\/uploads\/2021\/03\/118bc57940f9b3a7eae819-300x400.jpg\" alt=\"\" width=\"300\" height=\"400\" srcset=\"https:\/\/dothoquynhanh.com\/wp-content\/uploads\/2021\/03\/118bc57940f9b3a7eae819-300x400.jpg 300w, https:\/\/dothoquynhanh.com\/wp-content\/uploads\/2021\/03\/118bc57940f9b3a7eae819-600x800.jpg 600w, https:\/\/dothoquynhanh.com\/wp-content\/uploads\/2021\/03\/118bc57940f9b3a7eae819-768x1024.jpg 768w, https:\/\/dothoquynhanh.com\/wp-content\/uploads\/2021\/03\/118bc57940f9b3a7eae819-510x680.jpg 510w, https:\/\/dothoquynhanh.com\/wp-content\/uploads\/2021\/03\/118bc57940f9b3a7eae819.jpg 960w\" sizes=\"auto, (max-width: 300px) 100vw, 300px\" \/> <img loading=\"lazy\" decoding=\"async\" class=\"alignnone size-medium wp-image-4461\" src=\"http:\/\/dothoquynhanh.com\/wp-content\/uploads\/2021\/03\/935123a4a624557a0c3518-300x400.jpg\" alt=\"\" width=\"300\" height=\"400\" srcset=\"https:\/\/dothoquynhanh.com\/wp-content\/uploads\/2021\/03\/935123a4a624557a0c3518-300x400.jpg 300w, https:\/\/dothoquynhanh.com\/wp-content\/uploads\/2021\/03\/935123a4a624557a0c3518-600x800.jpg 600w, https:\/\/dothoquynhanh.com\/wp-content\/uploads\/2021\/03\/935123a4a624557a0c3518-768x1024.jpg 768w, https:\/\/dothoquynhanh.com\/wp-content\/uploads\/2021\/03\/935123a4a624557a0c3518-510x680.jpg 510w, https:\/\/dothoquynhanh.com\/wp-content\/uploads\/2021\/03\/935123a4a624557a0c3518.jpg 960w\" sizes=\"auto, (max-width: 300px) 100vw, 300px\" \/><\/p>\n","protected":false},"excerpt":{"rendered":"<p><strong>Gi\u1edd m\u1edf c\u1eeda Showroom: 8h45 \u2013 18h00 h\u00e0ng ng\u00e0y- \u0110\u1eb7t h\u00e0ng online 24\/7<\/strong><br \/>\n<strong>100% an t\u00e2m khi mua h\u00e0ng t\u1ea1i \u0111\u1ed3 th\u1edd Qu\u1ef3nh Anh:<\/strong><\/p>\n<p><img loading=\"lazy\" decoding=\"async\" class=\"alignnone wp-image-12169\" src=\"https:\/\/phapduyen.com\/wp-content\/uploads\/2017\/04\/check-IMN.png\" alt=\"\" width=\"16\" height=\"15\" \/>\u00a0Giao h\u00e0ng t\u1eadn nh\u00e0<br \/>\n<img loading=\"lazy\" decoding=\"async\" class=\"alignnone wp-image-12169\" src=\"https:\/\/phapduyen.com\/wp-content\/uploads\/2017\/04\/check-IMN.png\" alt=\"\" width=\"16\" height=\"15\" \/>\u00a0Ki\u1ec3m tra s\u1ea3n ph\u1ea9m tr\u01b0\u1edbc khi thanh to\u00e1n<br \/>\n<img loading=\"lazy\" decoding=\"async\" class=\"alignnone wp-image-12169\" src=\"https:\/\/phapduyen.com\/wp-content\/uploads\/2017\/04\/check-IMN.png\" alt=\"\" width=\"16\" height=\"15\" \/>\u00a0\u01afu ti\u00ean gi\u00e1 t\u1ed1t khi mua v\u1ec1 cho \u0110\u1ea1o Tr\u00e0ng ho\u1eb7c Ch\u00f9a<br \/>\n<img loading=\"lazy\" decoding=\"async\" class=\"alignnone wp-image-12169\" src=\"https:\/\/phapduyen.com\/wp-content\/uploads\/2017\/04\/check-IMN.png\" alt=\"\" width=\"16\" height=\"15\" \/>\u00a0Nh\u1eadn \u0111\u1eb7t s\u1ea3n ph\u1ea9m ri\u00eang theo y\u00eau c\u1ea7u.<\/p>\n<p>T\u01b0 v\u1ea5n nhanh, m\u1eddi Qu\u00fd Kh\u00e1ch li\u00ean h\u1ec7:<\/p>\n<p><strong>Hotline \/ Zalo:<\/strong>\u00a00988.870.000 | 0948.301.277 | 0963.483.436<\/p>\n","protected":false},"featured_media":4459,"comment_status":"open","ping_status":"closed","template":"","meta":[],"product_brand":[],"product_cat":[612,15],"product_tag":[],"class_list":{"0":"post-4457","1":"product","2":"type-product","3":"status-publish","4":"has-post-thumbnail","6":"product_cat-den-dau-den-tho-dau","7":"product_cat-top-san-pham-ban-chay","9":"first","10":"instock","11":"shipping-taxable","12":"purchasable","13":"product-type-simple"},"yoast_head":"<!-- This site is optimized with the Yoast SEO plugin v27.5 - https:\/\/yoast.com\/product\/yoast-seo-wordpress\/ -->\n<title>\u0110\u00e8n d\u1ea7u b\u1ea1ch ng\u1ecdc xanh ph\u1ee7 men v\u00e0ng - dothoquynhanh<\/title>\n<meta name=\"robots\" content=\"index, follow, max-snippet:-1, max-image-preview:large, max-video-preview:-1\" \/>\n<link rel=\"canonical\" href=\"https:\/\/dothoquynhanh.com\/?product=den-dau-bach-ngoc-xanh-phu-men-vang\" \/>\n<meta property=\"og:locale\" content=\"vi_VN\" \/>\n<meta property=\"og:type\" content=\"article\" \/>\n<meta property=\"og:title\" content=\"\u0110\u00e8n d\u1ea7u b\u1ea1ch ng\u1ecdc xanh ph\u1ee7 men v\u00e0ng - dothoquynhanh\" \/>\n<meta property=\"og:description\" content=\"Gi\u1edd m\u1edf c\u1eeda Showroom: 8h45 \u2013 18h00 h\u00e0ng ng\u00e0y- \u0110\u1eb7t h\u00e0ng online 24\/7 100% an t\u00e2m khi mua h\u00e0ng t\u1ea1i \u0111\u1ed3 th\u1edd Qu\u1ef3nh Anh:  \u00a0Giao h\u00e0ng t\u1eadn nh\u00e0 \u00a0Ki\u1ec3m tra s\u1ea3n ph\u1ea9m tr\u01b0\u1edbc khi thanh to\u00e1n \u00a0\u01afu ti\u00ean gi\u00e1 t\u1ed1t khi mua v\u1ec1 cho \u0110\u1ea1o Tr\u00e0ng ho\u1eb7c Ch\u00f9a \u00a0Nh\u1eadn \u0111\u1eb7t s\u1ea3n ph\u1ea9m ri\u00eang theo y\u00eau c\u1ea7u.  T\u01b0 v\u1ea5n nhanh, m\u1eddi Qu\u00fd Kh\u00e1ch li\u00ean h\u1ec7:  Hotline \/ Zalo:\u00a00988.870.000 | 0948.301.277 | 0963.483.436\" \/>\n<meta property=\"og:url\" content=\"https:\/\/dothoquynhanh.com\/?product=den-dau-bach-ngoc-xanh-phu-men-vang\" \/>\n<meta property=\"og:site_name\" content=\"dothoquynhanh\" \/>\n<meta property=\"article:modified_time\" content=\"2021-03-11T04:52:18+00:00\" \/>\n<meta property=\"og:image\" content=\"https:\/\/dothoquynhanh.com\/wp-content\/uploads\/2021\/03\/50d3012d84ad77f32ebc16.jpg\" \/>\n\t<meta property=\"og:image:width\" content=\"960\" \/>\n\t<meta property=\"og:image:height\" content=\"1280\" \/>\n\t<meta property=\"og:image:type\" content=\"image\/jpeg\" \/>\n<meta name=\"twitter:card\" content=\"summary_large_image\" \/>\n<script type=\"application\/ld+json\" class=\"yoast-schema-graph\">{\"@context\":\"https:\\\/\\\/schema.org\",\"@graph\":[{\"@type\":\"WebPage\",\"@id\":\"https:\\\/\\\/dothoquynhanh.com\\\/?product=den-dau-bach-ngoc-xanh-phu-men-vang\",\"url\":\"https:\\\/\\\/dothoquynhanh.com\\\/?product=den-dau-bach-ngoc-xanh-phu-men-vang\",\"name\":\"\u0110\u00e8n d\u1ea7u b\u1ea1ch ng\u1ecdc xanh ph\u1ee7 men v\u00e0ng - dothoquynhanh\",\"isPartOf\":{\"@id\":\"https:\\\/\\\/dothoquynhanh.com\\\/#website\"},\"primaryImageOfPage\":{\"@id\":\"https:\\\/\\\/dothoquynhanh.com\\\/?product=den-dau-bach-ngoc-xanh-phu-men-vang#primaryimage\"},\"image\":{\"@id\":\"https:\\\/\\\/dothoquynhanh.com\\\/?product=den-dau-bach-ngoc-xanh-phu-men-vang#primaryimage\"},\"thumbnailUrl\":\"https:\\\/\\\/dothoquynhanh.com\\\/wp-content\\\/uploads\\\/2021\\\/03\\\/50d3012d84ad77f32ebc16.jpg\",\"datePublished\":\"2021-03-11T04:52:16+00:00\",\"dateModified\":\"2021-03-11T04:52:18+00:00\",\"breadcrumb\":{\"@id\":\"https:\\\/\\\/dothoquynhanh.com\\\/?product=den-dau-bach-ngoc-xanh-phu-men-vang#breadcrumb\"},\"inLanguage\":\"vi\",\"potentialAction\":[{\"@type\":\"ReadAction\",\"target\":[\"https:\\\/\\\/dothoquynhanh.com\\\/?product=den-dau-bach-ngoc-xanh-phu-men-vang\"]}]},{\"@type\":\"ImageObject\",\"inLanguage\":\"vi\",\"@id\":\"https:\\\/\\\/dothoquynhanh.com\\\/?product=den-dau-bach-ngoc-xanh-phu-men-vang#primaryimage\",\"url\":\"https:\\\/\\\/dothoquynhanh.com\\\/wp-content\\\/uploads\\\/2021\\\/03\\\/50d3012d84ad77f32ebc16.jpg\",\"contentUrl\":\"https:\\\/\\\/dothoquynhanh.com\\\/wp-content\\\/uploads\\\/2021\\\/03\\\/50d3012d84ad77f32ebc16.jpg\",\"width\":960,\"height\":1280},{\"@type\":\"BreadcrumbList\",\"@id\":\"https:\\\/\\\/dothoquynhanh.com\\\/?product=den-dau-bach-ngoc-xanh-phu-men-vang#breadcrumb\",\"itemListElement\":[{\"@type\":\"ListItem\",\"position\":1,\"name\":\"Trang ch\u1ee7\",\"item\":\"https:\\\/\\\/dothoquynhanh.com\\\/\"},{\"@type\":\"ListItem\",\"position\":2,\"name\":\"S\u1ea3n ph\u1ea9m\",\"item\":\"https:\\\/\\\/dothoquynhanh.com\\\/?page_id=64\"},{\"@type\":\"ListItem\",\"position\":3,\"name\":\"\u0110\u00e8n d\u1ea7u b\u1ea1ch ng\u1ecdc xanh ph\u1ee7 men v\u00e0ng\"}]},{\"@type\":\"WebSite\",\"@id\":\"https:\\\/\\\/dothoquynhanh.com\\\/#website\",\"url\":\"https:\\\/\\\/dothoquynhanh.com\\\/\",\"name\":\"dothoquynhanh\",\"description\":\"\u0110\u1ed2 TH\u1edc PHONG TH\u1ee6Y CAO C\u1ea4P QU\u1ef2NH ANH\",\"publisher\":{\"@id\":\"https:\\\/\\\/dothoquynhanh.com\\\/#\\\/schema\\\/person\\\/9a6a0bff9151168cc437e710214dc286\"},\"potentialAction\":[{\"@type\":\"SearchAction\",\"target\":{\"@type\":\"EntryPoint\",\"urlTemplate\":\"https:\\\/\\\/dothoquynhanh.com\\\/?s={search_term_string}\"},\"query-input\":{\"@type\":\"PropertyValueSpecification\",\"valueRequired\":true,\"valueName\":\"search_term_string\"}}],\"inLanguage\":\"vi\"},{\"@type\":[\"Person\",\"Organization\"],\"@id\":\"https:\\\/\\\/dothoquynhanh.com\\\/#\\\/schema\\\/person\\\/9a6a0bff9151168cc437e710214dc286\",\"name\":\"Qu\u1ef3nh Anh\",\"image\":{\"@type\":\"ImageObject\",\"inLanguage\":\"vi\",\"@id\":\"https:\\\/\\\/secure.gravatar.com\\\/avatar\\\/a86689d41574456e4a65d69a1f70c64ef3172d5d71e939217b478f5347cec268?s=96&d=mm&r=g\",\"url\":\"https:\\\/\\\/secure.gravatar.com\\\/avatar\\\/a86689d41574456e4a65d69a1f70c64ef3172d5d71e939217b478f5347cec268?s=96&d=mm&r=g\",\"contentUrl\":\"https:\\\/\\\/secure.gravatar.com\\\/avatar\\\/a86689d41574456e4a65d69a1f70c64ef3172d5d71e939217b478f5347cec268?s=96&d=mm&r=g\",\"caption\":\"Qu\u1ef3nh Anh\"},\"logo\":{\"@id\":\"https:\\\/\\\/secure.gravatar.com\\\/avatar\\\/a86689d41574456e4a65d69a1f70c64ef3172d5d71e939217b478f5347cec268?s=96&d=mm&r=g\"},\"sameAs\":[\"https:\\\/\\\/dothoquynhanh.com\",\"admin\"]}]}<\/script>\n<!-- \/ Yoast SEO plugin. -->","yoast_head_json":{"title":"\u0110\u00e8n d\u1ea7u b\u1ea1ch ng\u1ecdc xanh ph\u1ee7 men v\u00e0ng - dothoquynhanh","robots":{"index":"index","follow":"follow","max-snippet":"max-snippet:-1","max-image-preview":"max-image-preview:large","max-video-preview":"max-video-preview:-1"},"canonical":"https:\/\/dothoquynhanh.com\/?product=den-dau-bach-ngoc-xanh-phu-men-vang","og_locale":"vi_VN","og_type":"article","og_title":"\u0110\u00e8n d\u1ea7u b\u1ea1ch ng\u1ecdc xanh ph\u1ee7 men v\u00e0ng - dothoquynhanh","og_description":"Gi\u1edd m\u1edf c\u1eeda Showroom: 8h45 \u2013 18h00 h\u00e0ng ng\u00e0y- \u0110\u1eb7t h\u00e0ng online 24\/7 100% an t\u00e2m khi mua h\u00e0ng t\u1ea1i \u0111\u1ed3 th\u1edd Qu\u1ef3nh Anh:  \u00a0Giao h\u00e0ng t\u1eadn nh\u00e0 \u00a0Ki\u1ec3m tra s\u1ea3n ph\u1ea9m tr\u01b0\u1edbc khi thanh to\u00e1n \u00a0\u01afu ti\u00ean gi\u00e1 t\u1ed1t khi mua v\u1ec1 cho \u0110\u1ea1o Tr\u00e0ng ho\u1eb7c Ch\u00f9a \u00a0Nh\u1eadn \u0111\u1eb7t s\u1ea3n ph\u1ea9m ri\u00eang theo y\u00eau c\u1ea7u.  T\u01b0 v\u1ea5n nhanh, m\u1eddi Qu\u00fd Kh\u00e1ch li\u00ean h\u1ec7:  Hotline \/ Zalo:\u00a00988.870.000 | 0948.301.277 | 0963.483.436","og_url":"https:\/\/dothoquynhanh.com\/?product=den-dau-bach-ngoc-xanh-phu-men-vang","og_site_name":"dothoquynhanh","article_modified_time":"2021-03-11T04:52:18+00:00","og_image":[{"width":960,"height":1280,"url":"https:\/\/dothoquynhanh.com\/wp-content\/uploads\/2021\/03\/50d3012d84ad77f32ebc16.jpg","type":"image\/jpeg"}],"twitter_card":"summary_large_image","schema":{"@context":"https:\/\/schema.org","@graph":[{"@type":"WebPage","@id":"https:\/\/dothoquynhanh.com\/?product=den-dau-bach-ngoc-xanh-phu-men-vang","url":"https:\/\/dothoquynhanh.com\/?product=den-dau-bach-ngoc-xanh-phu-men-vang","name":"\u0110\u00e8n d\u1ea7u b\u1ea1ch ng\u1ecdc xanh ph\u1ee7 men v\u00e0ng - dothoquynhanh","isPartOf":{"@id":"https:\/\/dothoquynhanh.com\/#website"},"primaryImageOfPage":{"@id":"https:\/\/dothoquynhanh.com\/?product=den-dau-bach-ngoc-xanh-phu-men-vang#primaryimage"},"image":{"@id":"https:\/\/dothoquynhanh.com\/?product=den-dau-bach-ngoc-xanh-phu-men-vang#primaryimage"},"thumbnailUrl":"https:\/\/dothoquynhanh.com\/wp-content\/uploads\/2021\/03\/50d3012d84ad77f32ebc16.jpg","datePublished":"2021-03-11T04:52:16+00:00","dateModified":"2021-03-11T04:52:18+00:00","breadcrumb":{"@id":"https:\/\/dothoquynhanh.com\/?product=den-dau-bach-ngoc-xanh-phu-men-vang#breadcrumb"},"inLanguage":"vi","potentialAction":[{"@type":"ReadAction","target":["https:\/\/dothoquynhanh.com\/?product=den-dau-bach-ngoc-xanh-phu-men-vang"]}]},{"@type":"ImageObject","inLanguage":"vi","@id":"https:\/\/dothoquynhanh.com\/?product=den-dau-bach-ngoc-xanh-phu-men-vang#primaryimage","url":"https:\/\/dothoquynhanh.com\/wp-content\/uploads\/2021\/03\/50d3012d84ad77f32ebc16.jpg","contentUrl":"https:\/\/dothoquynhanh.com\/wp-content\/uploads\/2021\/03\/50d3012d84ad77f32ebc16.jpg","width":960,"height":1280},{"@type":"BreadcrumbList","@id":"https:\/\/dothoquynhanh.com\/?product=den-dau-bach-ngoc-xanh-phu-men-vang#breadcrumb","itemListElement":[{"@type":"ListItem","position":1,"name":"Trang ch\u1ee7","item":"https:\/\/dothoquynhanh.com\/"},{"@type":"ListItem","position":2,"name":"S\u1ea3n ph\u1ea9m","item":"https:\/\/dothoquynhanh.com\/?page_id=64"},{"@type":"ListItem","position":3,"name":"\u0110\u00e8n d\u1ea7u b\u1ea1ch ng\u1ecdc xanh ph\u1ee7 men v\u00e0ng"}]},{"@type":"WebSite","@id":"https:\/\/dothoquynhanh.com\/#website","url":"https:\/\/dothoquynhanh.com\/","name":"dothoquynhanh","description":"\u0110\u1ed2 TH\u1edc PHONG TH\u1ee6Y CAO C\u1ea4P QU\u1ef2NH ANH","publisher":{"@id":"https:\/\/dothoquynhanh.com\/#\/schema\/person\/9a6a0bff9151168cc437e710214dc286"},"potentialAction":[{"@type":"SearchAction","target":{"@type":"EntryPoint","urlTemplate":"https:\/\/dothoquynhanh.com\/?s={search_term_string}"},"query-input":{"@type":"PropertyValueSpecification","valueRequired":true,"valueName":"search_term_string"}}],"inLanguage":"vi"},{"@type":["Person","Organization"],"@id":"https:\/\/dothoquynhanh.com\/#\/schema\/person\/9a6a0bff9151168cc437e710214dc286","name":"Qu\u1ef3nh Anh","image":{"@type":"ImageObject","inLanguage":"vi","@id":"https:\/\/secure.gravatar.com\/avatar\/a86689d41574456e4a65d69a1f70c64ef3172d5d71e939217b478f5347cec268?s=96&d=mm&r=g","url":"https:\/\/secure.gravatar.com\/avatar\/a86689d41574456e4a65d69a1f70c64ef3172d5d71e939217b478f5347cec268?s=96&d=mm&r=g","contentUrl":"https:\/\/secure.gravatar.com\/avatar\/a86689d41574456e4a65d69a1f70c64ef3172d5d71e939217b478f5347cec268?s=96&d=mm&r=g","caption":"Qu\u1ef3nh Anh"},"logo":{"@id":"https:\/\/secure.gravatar.com\/avatar\/a86689d41574456e4a65d69a1f70c64ef3172d5d71e939217b478f5347cec268?s=96&d=mm&r=g"},"sameAs":["https:\/\/dothoquynhanh.com","admin"]}]}},"_links":{"self":[{"href":"https:\/\/dothoquynhanh.com\/index.php?rest_route=\/wp\/v2\/product\/4457","targetHints":{"allow":["GET"]}}],"collection":[{"href":"https:\/\/dothoquynhanh.com\/index.php?rest_route=\/wp\/v2\/product"}],"about":[{"href":"https:\/\/dothoquynhanh.com\/index.php?rest_route=\/wp\/v2\/types\/product"}],"replies":[{"embeddable":true,"href":"https:\/\/dothoquynhanh.com\/index.php?rest_route=%2Fwp%2Fv2%2Fcomments&post=4457"}],"wp:featuredmedia":[{"embeddable":true,"href":"https:\/\/dothoquynhanh.com\/index.php?rest_route=\/wp\/v2\/media\/4459"}],"wp:attachment":[{"href":"https:\/\/dothoquynhanh.com\/index.php?rest_route=%2Fwp%2Fv2%2Fmedia&parent=4457"}],"wp:term":[{"taxonomy":"product_brand","embeddable":true,"href":"https:\/\/dothoquynhanh.com\/index.php?rest_route=%2Fwp%2Fv2%2Fproduct_brand&post=4457"},{"taxonomy":"product_cat","embeddable":true,"href":"https:\/\/dothoquynhanh.com\/index.php?rest_route=%2Fwp%2Fv2%2Fproduct_cat&post=4457"},{"taxonomy":"product_tag","embeddable":true,"href":"https:\/\/dothoquynhanh.com\/index.php?rest_route=%2Fwp%2Fv2%2Fproduct_tag&post=4457"}],"curies":[{"name":"wp","href":"https:\/\/api.w.org\/{rel}","templated":true}]}}