{"id":3151,"date":"2020-12-11T10:19:34","date_gmt":"2020-12-11T10:19:34","guid":{"rendered":"https:\/\/dothoquynhanh.com\/?post_type=product&#038;p=3151"},"modified":"2020-12-12T12:45:26","modified_gmt":"2020-12-12T12:45:26","slug":"tuong-duc-dia-tang-vuong-chat-lieu-composit-cao-40cm","status":"publish","type":"product","link":"https:\/\/dothoquynhanh.com\/?product=tuong-duc-dia-tang-vuong-chat-lieu-composit-cao-40cm","title":{"rendered":"T\u01b0\u1ee3ng \u0110\u1ee9c \u0110\u1ecba T\u1ea1ng V\u01b0\u01a1ng Composit"},"content":{"rendered":"<p><img loading=\"lazy\" decoding=\"async\" src=\"http:\/\/dothoquynhanh.com\/wp-content\/uploads\/2020\/12\/Tuong-Duc-Dia-Tang-Vuong-Chat-Lieu-Composit-Cao-40cm-400x400.jpg\" alt=\"\" width=\"400\" height=\"400\" class=\"alignnone size-medium wp-image-3152\" srcset=\"https:\/\/dothoquynhanh.com\/wp-content\/uploads\/2020\/12\/Tuong-Duc-Dia-Tang-Vuong-Chat-Lieu-Composit-Cao-40cm-400x400.jpg 400w, https:\/\/dothoquynhanh.com\/wp-content\/uploads\/2020\/12\/Tuong-Duc-Dia-Tang-Vuong-Chat-Lieu-Composit-Cao-40cm-100x100.jpg 100w, https:\/\/dothoquynhanh.com\/wp-content\/uploads\/2020\/12\/Tuong-Duc-Dia-Tang-Vuong-Chat-Lieu-Composit-Cao-40cm-510x510.jpg 510w, https:\/\/dothoquynhanh.com\/wp-content\/uploads\/2020\/12\/Tuong-Duc-Dia-Tang-Vuong-Chat-Lieu-Composit-Cao-40cm-280x280.jpg 280w, https:\/\/dothoquynhanh.com\/wp-content\/uploads\/2020\/12\/Tuong-Duc-Dia-Tang-Vuong-Chat-Lieu-Composit-Cao-40cm-768x768.jpg 768w, https:\/\/dothoquynhanh.com\/wp-content\/uploads\/2020\/12\/Tuong-Duc-Dia-Tang-Vuong-Chat-Lieu-Composit-Cao-40cm.jpg 800w\" sizes=\"auto, (max-width: 400px) 100vw, 400px\" \/><br \/>\n T\u01b0\u1ee3ng \u0110\u1ecba T\u1ea1ng V\u01b0\u01a1ng ng\u1ed3i tr\u00ean t\u00f2a sen v\u00e0ng, \u0111\u1ebf tr\u00f2n, \u0111\u1ed9i m\u0169 th\u1ea5t Ph\u1eadt, tay tr\u00e1i c\u1ea7m vi\u00ean ng\u1ecdc nh\u01b0 \u00fd, tay ph\u1ea3i c\u1ea7m t\u00edch tr\u01b0\u1ee3ng<br \/>\n Di\u1ec7n t\u01b0\u1ee3ng \u0111\u1eb9p, m\u00e0u da \u0111\u01b0\u1ee3c s\u01a1n h\u1ed3ng, \u00e1o c\u00e0 sa \u0111\u1ecf m\u1ea1 vi\u1ec1n v\u00e0ng n\u1ed5i b\u1eadt<br \/>\n C\u00e1c chi ti\u1ebft \u0111\u01b0\u1eddng n\u00e9t hoa v\u0103n, m\u1ea7u s\u1eafc c\u1ee7a t\u01b0\u1ee3ng \u0111\u01b0\u1ee3c ch\u1ebf t\u00e1c t\u1ec9 m\u1ec9, tinh x\u1ea3o<br \/>\n T\u01b0\u1ee3ng \u0111\u01b0\u1ee3c l\u00e0m b\u1eb1ng composite cao c\u1ea5p, ch\u1eafc ch\u1eafn, b\u1ec1n \u0111\u1eb9p theo th\u1eddi gian<br \/>\n Chi\u1ec1u cao t\u01b0\u1ee3ng 40cm <\/p>\n","protected":false},"excerpt":{"rendered":"<p>T\u01b0\u1ee3ng \u0110\u1ee9c \u0110\u1ecba T\u1ea1ng V\u01b0\u01a1ng, Ch\u1ea5t Li\u1ec7u Composit, Cao 40cm<br \/>\n T\u01b0\u1ee3ng \u0110\u1ecba T\u1ea1ng V\u01b0\u01a1ng ng\u1ed3i tr\u00ean t\u00f2a sen v\u00e0ng, \u0111\u1ebf tr\u00f2n, \u0111\u1ed9i m\u0169 th\u1ea5t Ph\u1eadt, tay tr\u00e1i c\u1ea7m vi\u00ean ng\u1ecdc nh\u01b0 \u00fd, tay ph\u1ea3i c\u1ea7m t\u00edch tr\u01b0\u1ee3ng<br \/>\n Di\u1ec7n t\u01b0\u1ee3ng \u0111\u1eb9p, m\u00e0u da \u0111\u01b0\u1ee3c s\u01a1n h\u1ed3ng, \u00e1o c\u00e0 sa \u0111\u1ecf m\u1ea1 vi\u1ec1n v\u00e0ng n\u1ed5i b\u1eadt<br \/>\n C\u00e1c chi ti\u1ebft \u0111\u01b0\u1eddng n\u00e9t hoa v\u0103n, m\u1ea7u s\u1eafc c\u1ee7a t\u01b0\u1ee3ng \u0111\u01b0\u1ee3c ch\u1ebf t\u00e1c t\u1ec9 m\u1ec9, tinh x\u1ea3o<br \/>\n T\u01b0\u1ee3ng \u0111\u01b0\u1ee3c l\u00e0m b\u1eb1ng composite cao c\u1ea5p, ch\u1eafc ch\u1eafn, b\u1ec1n \u0111\u1eb9p theo th\u1eddi gian<br \/>\n Chi\u1ec1u cao t\u01b0\u1ee3ng 40cm<br \/>\nTH\u00d4NG TIN B\u1ed4 SUNG<br \/>\nT\u01af\u1ee2NG PH\u1eacT &#8211; K\u00cdCH TH\u01af\u1edaC<br \/>\n16 inch (40.6cm)<\/p>\n<p>T\u01af\u1ee2NG PH\u1eacT &#8211; T\u01af TH\u1ebe<br \/>\nNg\u1ed3i<\/p>\n<p>T\u01af\u1ee2NG PH\u1eacT &#8211; CH\u1ea4T LI\u1ec6U<br \/>\nComposit, Composit m\u1ea1 s\u01a1n th\u01b0\u1eddng<\/p>\n<p>XU\u1ea4T X\u1ee8<br \/>\n\u0110\u00e0i Loan, Trung Qu\u1ed1c<\/p>\n","protected":false},"featured_media":3152,"comment_status":"open","ping_status":"closed","template":"","meta":[],"product_brand":[],"product_cat":[15,514],"product_tag":[],"class_list":{"0":"post-3151","1":"product","2":"type-product","3":"status-publish","4":"has-post-thumbnail","6":"product_cat-top-san-pham-ban-chay","7":"product_cat-tuong","9":"first","10":"instock","11":"shipping-taxable","12":"purchasable","13":"product-type-simple"},"yoast_head":"<!-- This site is optimized with the Yoast SEO plugin v27.5 - https:\/\/yoast.com\/product\/yoast-seo-wordpress\/ -->\n<title>T\u01b0\u1ee3ng \u0110\u1ee9c \u0110\u1ecba T\u1ea1ng V\u01b0\u01a1ng Composit - dothoquynhanh<\/title>\n<meta name=\"robots\" content=\"index, follow, max-snippet:-1, max-image-preview:large, max-video-preview:-1\" \/>\n<link rel=\"canonical\" href=\"https:\/\/dothoquynhanh.com\/?product=tuong-duc-dia-tang-vuong-chat-lieu-composit-cao-40cm\" \/>\n<meta property=\"og:locale\" content=\"vi_VN\" \/>\n<meta property=\"og:type\" content=\"article\" \/>\n<meta property=\"og:title\" content=\"T\u01b0\u1ee3ng \u0110\u1ee9c \u0110\u1ecba T\u1ea1ng V\u01b0\u01a1ng Composit - dothoquynhanh\" \/>\n<meta property=\"og:description\" content=\"T\u01b0\u1ee3ng \u0110\u1ee9c \u0110\u1ecba T\u1ea1ng V\u01b0\u01a1ng, Ch\u1ea5t Li\u1ec7u Composit, Cao 40cm  T\u01b0\u1ee3ng \u0110\u1ecba T\u1ea1ng V\u01b0\u01a1ng ng\u1ed3i tr\u00ean t\u00f2a sen v\u00e0ng, \u0111\u1ebf tr\u00f2n, \u0111\u1ed9i m\u0169 th\u1ea5t Ph\u1eadt, tay tr\u00e1i c\u1ea7m vi\u00ean ng\u1ecdc nh\u01b0 \u00fd, tay ph\u1ea3i c\u1ea7m t\u00edch tr\u01b0\u1ee3ng  Di\u1ec7n t\u01b0\u1ee3ng \u0111\u1eb9p, m\u00e0u da \u0111\u01b0\u1ee3c s\u01a1n h\u1ed3ng, \u00e1o c\u00e0 sa \u0111\u1ecf m\u1ea1 vi\u1ec1n v\u00e0ng n\u1ed5i b\u1eadt  C\u00e1c chi ti\u1ebft \u0111\u01b0\u1eddng n\u00e9t hoa v\u0103n, m\u1ea7u s\u1eafc c\u1ee7a t\u01b0\u1ee3ng \u0111\u01b0\u1ee3c ch\u1ebf t\u00e1c t\u1ec9 m\u1ec9, tinh x\u1ea3o  T\u01b0\u1ee3ng \u0111\u01b0\u1ee3c l\u00e0m b\u1eb1ng composite cao c\u1ea5p, ch\u1eafc ch\u1eafn, b\u1ec1n \u0111\u1eb9p theo th\u1eddi gian  Chi\u1ec1u cao t\u01b0\u1ee3ng 40cm  TH\u00d4NG TIN B\u1ed4 SUNG T\u01af\u1ee2NG PH\u1eacT - K\u00cdCH TH\u01af\u1edaC  16 inch (40.6cm)  T\u01af\u1ee2NG PH\u1eacT - T\u01af TH\u1ebe  Ng\u1ed3i  T\u01af\u1ee2NG PH\u1eacT - CH\u1ea4T LI\u1ec6U  Composit, Composit m\u1ea1 s\u01a1n th\u01b0\u1eddng  XU\u1ea4T X\u1ee8  \u0110\u00e0i Loan, Trung Qu\u1ed1c\" \/>\n<meta property=\"og:url\" content=\"https:\/\/dothoquynhanh.com\/?product=tuong-duc-dia-tang-vuong-chat-lieu-composit-cao-40cm\" \/>\n<meta property=\"og:site_name\" content=\"dothoquynhanh\" \/>\n<meta property=\"article:modified_time\" content=\"2020-12-12T12:45:26+00:00\" \/>\n<meta property=\"og:image\" content=\"https:\/\/dothoquynhanh.com\/wp-content\/uploads\/2020\/12\/Tuong-Duc-Dia-Tang-Vuong-Chat-Lieu-Composit-Cao-40cm.jpg\" \/>\n\t<meta property=\"og:image:width\" content=\"800\" \/>\n\t<meta property=\"og:image:height\" content=\"800\" \/>\n\t<meta property=\"og:image:type\" content=\"image\/jpeg\" \/>\n<meta name=\"twitter:card\" content=\"summary_large_image\" \/>\n<meta name=\"twitter:label1\" content=\"\u01af\u1edbc t\u00ednh th\u1eddi gian \u0111\u1ecdc\" \/>\n\t<meta name=\"twitter:data1\" content=\"1 ph\u00fat\" \/>\n<script type=\"application\/ld+json\" class=\"yoast-schema-graph\">{\"@context\":\"https:\\\/\\\/schema.org\",\"@graph\":[{\"@type\":\"WebPage\",\"@id\":\"https:\\\/\\\/dothoquynhanh.com\\\/?product=tuong-duc-dia-tang-vuong-chat-lieu-composit-cao-40cm\",\"url\":\"https:\\\/\\\/dothoquynhanh.com\\\/?product=tuong-duc-dia-tang-vuong-chat-lieu-composit-cao-40cm\",\"name\":\"T\u01b0\u1ee3ng \u0110\u1ee9c \u0110\u1ecba T\u1ea1ng V\u01b0\u01a1ng Composit - dothoquynhanh\",\"isPartOf\":{\"@id\":\"https:\\\/\\\/dothoquynhanh.com\\\/#website\"},\"primaryImageOfPage\":{\"@id\":\"https:\\\/\\\/dothoquynhanh.com\\\/?product=tuong-duc-dia-tang-vuong-chat-lieu-composit-cao-40cm#primaryimage\"},\"image\":{\"@id\":\"https:\\\/\\\/dothoquynhanh.com\\\/?product=tuong-duc-dia-tang-vuong-chat-lieu-composit-cao-40cm#primaryimage\"},\"thumbnailUrl\":\"https:\\\/\\\/dothoquynhanh.com\\\/wp-content\\\/uploads\\\/2020\\\/12\\\/Tuong-Duc-Dia-Tang-Vuong-Chat-Lieu-Composit-Cao-40cm.jpg\",\"datePublished\":\"2020-12-11T10:19:34+00:00\",\"dateModified\":\"2020-12-12T12:45:26+00:00\",\"breadcrumb\":{\"@id\":\"https:\\\/\\\/dothoquynhanh.com\\\/?product=tuong-duc-dia-tang-vuong-chat-lieu-composit-cao-40cm#breadcrumb\"},\"inLanguage\":\"vi\",\"potentialAction\":[{\"@type\":\"ReadAction\",\"target\":[\"https:\\\/\\\/dothoquynhanh.com\\\/?product=tuong-duc-dia-tang-vuong-chat-lieu-composit-cao-40cm\"]}]},{\"@type\":\"ImageObject\",\"inLanguage\":\"vi\",\"@id\":\"https:\\\/\\\/dothoquynhanh.com\\\/?product=tuong-duc-dia-tang-vuong-chat-lieu-composit-cao-40cm#primaryimage\",\"url\":\"https:\\\/\\\/dothoquynhanh.com\\\/wp-content\\\/uploads\\\/2020\\\/12\\\/Tuong-Duc-Dia-Tang-Vuong-Chat-Lieu-Composit-Cao-40cm.jpg\",\"contentUrl\":\"https:\\\/\\\/dothoquynhanh.com\\\/wp-content\\\/uploads\\\/2020\\\/12\\\/Tuong-Duc-Dia-Tang-Vuong-Chat-Lieu-Composit-Cao-40cm.jpg\",\"width\":800,\"height\":800},{\"@type\":\"BreadcrumbList\",\"@id\":\"https:\\\/\\\/dothoquynhanh.com\\\/?product=tuong-duc-dia-tang-vuong-chat-lieu-composit-cao-40cm#breadcrumb\",\"itemListElement\":[{\"@type\":\"ListItem\",\"position\":1,\"name\":\"Trang ch\u1ee7\",\"item\":\"https:\\\/\\\/dothoquynhanh.com\\\/\"},{\"@type\":\"ListItem\",\"position\":2,\"name\":\"S\u1ea3n ph\u1ea9m\",\"item\":\"https:\\\/\\\/dothoquynhanh.com\\\/?page_id=64\"},{\"@type\":\"ListItem\",\"position\":3,\"name\":\"T\u01b0\u1ee3ng \u0110\u1ee9c \u0110\u1ecba T\u1ea1ng V\u01b0\u01a1ng Composit\"}]},{\"@type\":\"WebSite\",\"@id\":\"https:\\\/\\\/dothoquynhanh.com\\\/#website\",\"url\":\"https:\\\/\\\/dothoquynhanh.com\\\/\",\"name\":\"dothoquynhanh\",\"description\":\"\u0110\u1ed2 TH\u1edc PHONG TH\u1ee6Y CAO C\u1ea4P QU\u1ef2NH ANH\",\"publisher\":{\"@id\":\"https:\\\/\\\/dothoquynhanh.com\\\/#\\\/schema\\\/person\\\/9a6a0bff9151168cc437e710214dc286\"},\"potentialAction\":[{\"@type\":\"SearchAction\",\"target\":{\"@type\":\"EntryPoint\",\"urlTemplate\":\"https:\\\/\\\/dothoquynhanh.com\\\/?s={search_term_string}\"},\"query-input\":{\"@type\":\"PropertyValueSpecification\",\"valueRequired\":true,\"valueName\":\"search_term_string\"}}],\"inLanguage\":\"vi\"},{\"@type\":[\"Person\",\"Organization\"],\"@id\":\"https:\\\/\\\/dothoquynhanh.com\\\/#\\\/schema\\\/person\\\/9a6a0bff9151168cc437e710214dc286\",\"name\":\"Qu\u1ef3nh Anh\",\"image\":{\"@type\":\"ImageObject\",\"inLanguage\":\"vi\",\"@id\":\"https:\\\/\\\/secure.gravatar.com\\\/avatar\\\/a86689d41574456e4a65d69a1f70c64ef3172d5d71e939217b478f5347cec268?s=96&d=mm&r=g\",\"url\":\"https:\\\/\\\/secure.gravatar.com\\\/avatar\\\/a86689d41574456e4a65d69a1f70c64ef3172d5d71e939217b478f5347cec268?s=96&d=mm&r=g\",\"contentUrl\":\"https:\\\/\\\/secure.gravatar.com\\\/avatar\\\/a86689d41574456e4a65d69a1f70c64ef3172d5d71e939217b478f5347cec268?s=96&d=mm&r=g\",\"caption\":\"Qu\u1ef3nh Anh\"},\"logo\":{\"@id\":\"https:\\\/\\\/secure.gravatar.com\\\/avatar\\\/a86689d41574456e4a65d69a1f70c64ef3172d5d71e939217b478f5347cec268?s=96&d=mm&r=g\"},\"sameAs\":[\"https:\\\/\\\/dothoquynhanh.com\",\"admin\"]}]}<\/script>\n<!-- \/ Yoast SEO plugin. -->","yoast_head_json":{"title":"T\u01b0\u1ee3ng \u0110\u1ee9c \u0110\u1ecba T\u1ea1ng V\u01b0\u01a1ng Composit - dothoquynhanh","robots":{"index":"index","follow":"follow","max-snippet":"max-snippet:-1","max-image-preview":"max-image-preview:large","max-video-preview":"max-video-preview:-1"},"canonical":"https:\/\/dothoquynhanh.com\/?product=tuong-duc-dia-tang-vuong-chat-lieu-composit-cao-40cm","og_locale":"vi_VN","og_type":"article","og_title":"T\u01b0\u1ee3ng \u0110\u1ee9c \u0110\u1ecba T\u1ea1ng V\u01b0\u01a1ng Composit - dothoquynhanh","og_description":"T\u01b0\u1ee3ng \u0110\u1ee9c \u0110\u1ecba T\u1ea1ng V\u01b0\u01a1ng, Ch\u1ea5t Li\u1ec7u Composit, Cao 40cm  T\u01b0\u1ee3ng \u0110\u1ecba T\u1ea1ng V\u01b0\u01a1ng ng\u1ed3i tr\u00ean t\u00f2a sen v\u00e0ng, \u0111\u1ebf tr\u00f2n, \u0111\u1ed9i m\u0169 th\u1ea5t Ph\u1eadt, tay tr\u00e1i c\u1ea7m vi\u00ean ng\u1ecdc nh\u01b0 \u00fd, tay ph\u1ea3i c\u1ea7m t\u00edch tr\u01b0\u1ee3ng  Di\u1ec7n t\u01b0\u1ee3ng \u0111\u1eb9p, m\u00e0u da \u0111\u01b0\u1ee3c s\u01a1n h\u1ed3ng, \u00e1o c\u00e0 sa \u0111\u1ecf m\u1ea1 vi\u1ec1n v\u00e0ng n\u1ed5i b\u1eadt  C\u00e1c chi ti\u1ebft \u0111\u01b0\u1eddng n\u00e9t hoa v\u0103n, m\u1ea7u s\u1eafc c\u1ee7a t\u01b0\u1ee3ng \u0111\u01b0\u1ee3c ch\u1ebf t\u00e1c t\u1ec9 m\u1ec9, tinh x\u1ea3o  T\u01b0\u1ee3ng \u0111\u01b0\u1ee3c l\u00e0m b\u1eb1ng composite cao c\u1ea5p, ch\u1eafc ch\u1eafn, b\u1ec1n \u0111\u1eb9p theo th\u1eddi gian  Chi\u1ec1u cao t\u01b0\u1ee3ng 40cm  TH\u00d4NG TIN B\u1ed4 SUNG T\u01af\u1ee2NG PH\u1eacT - K\u00cdCH TH\u01af\u1edaC  16 inch (40.6cm)  T\u01af\u1ee2NG PH\u1eacT - T\u01af TH\u1ebe  Ng\u1ed3i  T\u01af\u1ee2NG PH\u1eacT - CH\u1ea4T LI\u1ec6U  Composit, Composit m\u1ea1 s\u01a1n th\u01b0\u1eddng  XU\u1ea4T X\u1ee8  \u0110\u00e0i Loan, Trung Qu\u1ed1c","og_url":"https:\/\/dothoquynhanh.com\/?product=tuong-duc-dia-tang-vuong-chat-lieu-composit-cao-40cm","og_site_name":"dothoquynhanh","article_modified_time":"2020-12-12T12:45:26+00:00","og_image":[{"width":800,"height":800,"url":"https:\/\/dothoquynhanh.com\/wp-content\/uploads\/2020\/12\/Tuong-Duc-Dia-Tang-Vuong-Chat-Lieu-Composit-Cao-40cm.jpg","type":"image\/jpeg"}],"twitter_card":"summary_large_image","twitter_misc":{"\u01af\u1edbc t\u00ednh th\u1eddi gian \u0111\u1ecdc":"1 ph\u00fat"},"schema":{"@context":"https:\/\/schema.org","@graph":[{"@type":"WebPage","@id":"https:\/\/dothoquynhanh.com\/?product=tuong-duc-dia-tang-vuong-chat-lieu-composit-cao-40cm","url":"https:\/\/dothoquynhanh.com\/?product=tuong-duc-dia-tang-vuong-chat-lieu-composit-cao-40cm","name":"T\u01b0\u1ee3ng \u0110\u1ee9c \u0110\u1ecba T\u1ea1ng V\u01b0\u01a1ng Composit - dothoquynhanh","isPartOf":{"@id":"https:\/\/dothoquynhanh.com\/#website"},"primaryImageOfPage":{"@id":"https:\/\/dothoquynhanh.com\/?product=tuong-duc-dia-tang-vuong-chat-lieu-composit-cao-40cm#primaryimage"},"image":{"@id":"https:\/\/dothoquynhanh.com\/?product=tuong-duc-dia-tang-vuong-chat-lieu-composit-cao-40cm#primaryimage"},"thumbnailUrl":"https:\/\/dothoquynhanh.com\/wp-content\/uploads\/2020\/12\/Tuong-Duc-Dia-Tang-Vuong-Chat-Lieu-Composit-Cao-40cm.jpg","datePublished":"2020-12-11T10:19:34+00:00","dateModified":"2020-12-12T12:45:26+00:00","breadcrumb":{"@id":"https:\/\/dothoquynhanh.com\/?product=tuong-duc-dia-tang-vuong-chat-lieu-composit-cao-40cm#breadcrumb"},"inLanguage":"vi","potentialAction":[{"@type":"ReadAction","target":["https:\/\/dothoquynhanh.com\/?product=tuong-duc-dia-tang-vuong-chat-lieu-composit-cao-40cm"]}]},{"@type":"ImageObject","inLanguage":"vi","@id":"https:\/\/dothoquynhanh.com\/?product=tuong-duc-dia-tang-vuong-chat-lieu-composit-cao-40cm#primaryimage","url":"https:\/\/dothoquynhanh.com\/wp-content\/uploads\/2020\/12\/Tuong-Duc-Dia-Tang-Vuong-Chat-Lieu-Composit-Cao-40cm.jpg","contentUrl":"https:\/\/dothoquynhanh.com\/wp-content\/uploads\/2020\/12\/Tuong-Duc-Dia-Tang-Vuong-Chat-Lieu-Composit-Cao-40cm.jpg","width":800,"height":800},{"@type":"BreadcrumbList","@id":"https:\/\/dothoquynhanh.com\/?product=tuong-duc-dia-tang-vuong-chat-lieu-composit-cao-40cm#breadcrumb","itemListElement":[{"@type":"ListItem","position":1,"name":"Trang ch\u1ee7","item":"https:\/\/dothoquynhanh.com\/"},{"@type":"ListItem","position":2,"name":"S\u1ea3n ph\u1ea9m","item":"https:\/\/dothoquynhanh.com\/?page_id=64"},{"@type":"ListItem","position":3,"name":"T\u01b0\u1ee3ng \u0110\u1ee9c \u0110\u1ecba T\u1ea1ng V\u01b0\u01a1ng Composit"}]},{"@type":"WebSite","@id":"https:\/\/dothoquynhanh.com\/#website","url":"https:\/\/dothoquynhanh.com\/","name":"dothoquynhanh","description":"\u0110\u1ed2 TH\u1edc PHONG TH\u1ee6Y CAO C\u1ea4P QU\u1ef2NH ANH","publisher":{"@id":"https:\/\/dothoquynhanh.com\/#\/schema\/person\/9a6a0bff9151168cc437e710214dc286"},"potentialAction":[{"@type":"SearchAction","target":{"@type":"EntryPoint","urlTemplate":"https:\/\/dothoquynhanh.com\/?s={search_term_string}"},"query-input":{"@type":"PropertyValueSpecification","valueRequired":true,"valueName":"search_term_string"}}],"inLanguage":"vi"},{"@type":["Person","Organization"],"@id":"https:\/\/dothoquynhanh.com\/#\/schema\/person\/9a6a0bff9151168cc437e710214dc286","name":"Qu\u1ef3nh Anh","image":{"@type":"ImageObject","inLanguage":"vi","@id":"https:\/\/secure.gravatar.com\/avatar\/a86689d41574456e4a65d69a1f70c64ef3172d5d71e939217b478f5347cec268?s=96&d=mm&r=g","url":"https:\/\/secure.gravatar.com\/avatar\/a86689d41574456e4a65d69a1f70c64ef3172d5d71e939217b478f5347cec268?s=96&d=mm&r=g","contentUrl":"https:\/\/secure.gravatar.com\/avatar\/a86689d41574456e4a65d69a1f70c64ef3172d5d71e939217b478f5347cec268?s=96&d=mm&r=g","caption":"Qu\u1ef3nh Anh"},"logo":{"@id":"https:\/\/secure.gravatar.com\/avatar\/a86689d41574456e4a65d69a1f70c64ef3172d5d71e939217b478f5347cec268?s=96&d=mm&r=g"},"sameAs":["https:\/\/dothoquynhanh.com","admin"]}]}},"_links":{"self":[{"href":"https:\/\/dothoquynhanh.com\/index.php?rest_route=\/wp\/v2\/product\/3151","targetHints":{"allow":["GET"]}}],"collection":[{"href":"https:\/\/dothoquynhanh.com\/index.php?rest_route=\/wp\/v2\/product"}],"about":[{"href":"https:\/\/dothoquynhanh.com\/index.php?rest_route=\/wp\/v2\/types\/product"}],"replies":[{"embeddable":true,"href":"https:\/\/dothoquynhanh.com\/index.php?rest_route=%2Fwp%2Fv2%2Fcomments&post=3151"}],"wp:featuredmedia":[{"embeddable":true,"href":"https:\/\/dothoquynhanh.com\/index.php?rest_route=\/wp\/v2\/media\/3152"}],"wp:attachment":[{"href":"https:\/\/dothoquynhanh.com\/index.php?rest_route=%2Fwp%2Fv2%2Fmedia&parent=3151"}],"wp:term":[{"taxonomy":"product_brand","embeddable":true,"href":"https:\/\/dothoquynhanh.com\/index.php?rest_route=%2Fwp%2Fv2%2Fproduct_brand&post=3151"},{"taxonomy":"product_cat","embeddable":true,"href":"https:\/\/dothoquynhanh.com\/index.php?rest_route=%2Fwp%2Fv2%2Fproduct_cat&post=3151"},{"taxonomy":"product_tag","embeddable":true,"href":"https:\/\/dothoquynhanh.com\/index.php?rest_route=%2Fwp%2Fv2%2Fproduct_tag&post=3151"}],"curies":[{"name":"wp","href":"https:\/\/api.w.org\/{rel}","templated":true}]}}