{"id":3143,"date":"2020-12-11T10:04:15","date_gmt":"2020-12-11T10:04:15","guid":{"rendered":"https:\/\/dothoquynhanh.com\/?post_type=product&#038;p=3143"},"modified":"2020-12-11T10:04:46","modified_gmt":"2020-12-11T10:04:46","slug":"bo-do-tho-su-trang-hoa-sen-vang","status":"publish","type":"product","link":"https:\/\/dothoquynhanh.com\/?product=bo-do-tho-su-trang-hoa-sen-vang","title":{"rendered":"B\u1ed9 \u0110\u1ed3 Th\u1edd S\u1ee9 Tr\u1eafng Hoa Sen V\u00e0ng"},"content":{"rendered":"<p><img loading=\"lazy\" decoding=\"async\" class=\"alignnone size-medium wp-image-3144\" src=\"http:\/\/dothoquynhanh.com\/wp-content\/uploads\/2020\/12\/Bo-Do-Tho-Su-Trang-Hoa-Sen-Vang-400x400.jpg\" alt=\"\" width=\"400\" height=\"400\" srcset=\"https:\/\/dothoquynhanh.com\/wp-content\/uploads\/2020\/12\/Bo-Do-Tho-Su-Trang-Hoa-Sen-Vang-400x400.jpg 400w, https:\/\/dothoquynhanh.com\/wp-content\/uploads\/2020\/12\/Bo-Do-Tho-Su-Trang-Hoa-Sen-Vang-100x100.jpg 100w, https:\/\/dothoquynhanh.com\/wp-content\/uploads\/2020\/12\/Bo-Do-Tho-Su-Trang-Hoa-Sen-Vang-510x510.jpg 510w, https:\/\/dothoquynhanh.com\/wp-content\/uploads\/2020\/12\/Bo-Do-Tho-Su-Trang-Hoa-Sen-Vang-280x280.jpg 280w, https:\/\/dothoquynhanh.com\/wp-content\/uploads\/2020\/12\/Bo-Do-Tho-Su-Trang-Hoa-Sen-Vang-768x768.jpg 768w, https:\/\/dothoquynhanh.com\/wp-content\/uploads\/2020\/12\/Bo-Do-Tho-Su-Trang-Hoa-Sen-Vang.jpg 800w\" sizes=\"auto, (max-width: 400px) 100vw, 400px\" \/><br \/>\n<img loading=\"lazy\" decoding=\"async\" class=\"alignnone size-full wp-image-2809 ls-is-cached lazyloaded\" src=\"https:\/\/phapduyen.com\/wp-content\/uploads\/2016\/05\/tick.png\" alt=\"\" width=\"16\" height=\"16\" data-src=\"https:\/\/phapduyen.com\/wp-content\/uploads\/2016\/05\/tick.png\" \/>\u00a0B\u1ed9 \u0111\u1ed3 th\u1edd s\u1ee9 tr\u1eafng hoa sen v\u00e0ng cao c\u1ea5p<br \/>\n<img loading=\"lazy\" decoding=\"async\" class=\"alignnone size-full wp-image-2809 ls-is-cached lazyloaded\" src=\"https:\/\/phapduyen.com\/wp-content\/uploads\/2016\/05\/tick.png\" alt=\"\" width=\"16\" height=\"16\" data-src=\"https:\/\/phapduyen.com\/wp-content\/uploads\/2016\/05\/tick.png\" \/>\u00a0M\u1ea7u s\u1eafc n\u1ed5i b\u1eadt, c\u00e1c chi ti\u1ebft \u0111\u01b0\u1eddng n\u00e9t hoa v\u0103n, h\u1ecda ti\u1ebft \u0111\u01b0\u1ee3c ch\u1ebf t\u00e1c t\u1ec9 m\u1ec9, tinh x\u1ea3o<br \/>\n<img loading=\"lazy\" decoding=\"async\" class=\"alignnone size-full wp-image-2809 ls-is-cached lazyloaded\" src=\"https:\/\/phapduyen.com\/wp-content\/uploads\/2016\/05\/tick.png\" alt=\"\" width=\"16\" height=\"16\" data-src=\"https:\/\/phapduyen.com\/wp-content\/uploads\/2016\/05\/tick.png\" \/>\u00a0S\u1ea3n ph\u1ea9m \u0111\u01b0\u1ee3c l\u00e0m t\u1eeb s\u1ee9 tr\u1eafng cao c\u1ea5p, b\u1ec1n m\u00e0u theo th\u1eddi gian<br \/>\n<img loading=\"lazy\" decoding=\"async\" class=\"size-full wp-image-2809 alignnone ls-is-cached lazyloaded\" src=\"https:\/\/phapduyen.com\/wp-content\/uploads\/2016\/05\/tick.png\" alt=\"tick\" width=\"16\" height=\"16\" data-src=\"https:\/\/phapduyen.com\/wp-content\/uploads\/2016\/05\/tick.png\" \/>\u00a0B\u1ed9 \u0111\u1ed3 th\u1edd bao g\u1ed3m: 1 b\u00e1t h\u01b0\u01a1ng, 2 b\u00ecnh b\u00f4ng, 2 \u0111\u0129a tr\u00e1i c\u00e2y, 1 \u0111\u00e8n d\u1ea7u, 3 ly n\u01b0\u1edbc, 3 ch\u00e9n \u0111\u1eb7t ly n\u01b0\u1edbc, 1 l\u01b0 h\u01b0\u01a1ng. 2 \u0111\u1ebf n\u1ebfn<\/p>\n<div class=\"large-2 col pb-0 mb-0\">\n<h5 class=\"uppercase mt\">TH\u00d4NG TIN B\u1ed4 SUNG<\/h5>\n<\/div>\n<div class=\"large-10 col pb-0 mb-0\">\n<div class=\"panel entry-content\">\n<table class=\"woocommerce-product-attributes shop_attributes\">\n<tbody>\n<tr class=\"woocommerce-product-attributes-item woocommerce-product-attributes-item--attribute_pa_do-tho-bo-do-tho\">\n<th class=\"woocommerce-product-attributes-item__label\">\u0110\u1ed2 TH\u1edc &#8211; B\u1ed8 \u0110\u1ed2 TH\u1edc<\/th>\n<td class=\"woocommerce-product-attributes-item__value\">XDL \u2013 S\u1ee9 Tr\u1eafng Hoa Sen V\u00e0ng<\/td>\n<\/tr>\n<tr class=\"woocommerce-product-attributes-item woocommerce-product-attributes-item--attribute_pa_do-tho-chat-lieu\">\n<th class=\"woocommerce-product-attributes-item__label\">\u0110\u1ed2 TH\u1edc &#8211; CH\u1ea4T LI\u1ec6U<\/th>\n<td class=\"woocommerce-product-attributes-item__value\">S\u1ee9 \/ G\u1ed1m<\/td>\n<\/tr>\n<\/tbody>\n<\/table>\n<h4 class=\"bundled_product_attributes_title\">B\u00e1t H\u01b0\u01a1ng (B\u00e1t Nhang) S\u1ee9 Tr\u1eafng Hoa Sen V\u00e0ng, Nhi\u1ec1u K\u00edch Th\u01b0\u1edbc<\/h4>\n<table class=\"woocommerce-product-attributes shop_attributes\">\n<tbody>\n<tr class=\"woocommerce-product-attributes-item woocommerce-product-attributes-item--attribute_pa_do-tho-bo-do-tho\">\n<th class=\"woocommerce-product-attributes-item__label\">\u0110\u1ed2 TH\u1edc &#8211; B\u1ed8 \u0110\u1ed2 TH\u1edc<\/th>\n<td class=\"woocommerce-product-attributes-item__value\">XDL \u2013 S\u1ee9 Tr\u1eafng Hoa Sen V\u00e0ng<\/td>\n<\/tr>\n<tr class=\"woocommerce-product-attributes-item woocommerce-product-attributes-item--attribute_pa_do-tho-chat-lieu\">\n<th class=\"woocommerce-product-attributes-item__label\">\u0110\u1ed2 TH\u1edc &#8211; CH\u1ea4T LI\u1ec6U<\/th>\n<td class=\"woocommerce-product-attributes-item__value\">S\u1ee9 \/ G\u1ed1m<\/td>\n<\/tr>\n<tr class=\"woocommerce-product-attributes-item woocommerce-product-attributes-item--attribute_pa_do-tho-kich-thuoc\">\n<th class=\"woocommerce-product-attributes-item__label\">\u0110\u1ed2 TH\u1edc &#8211; K\u00cdCH TH\u01af\u1edaC<\/th>\n<td class=\"woocommerce-product-attributes-item__value\">5inch (12.5cm), 6inch (15 cm), 7inch (17.5cm), 8inch (20cm)<\/td>\n<\/tr>\n<\/tbody>\n<\/table>\n<h4 class=\"bundled_product_attributes_title\">Ch\u00e9n N\u01b0\u1edbc S\u1ee9 Tr\u1eafng Hoa Sen V\u00e0ng, Nhi\u1ec1u K\u00edch C\u1ee1<\/h4>\n<table class=\"woocommerce-product-attributes shop_attributes\">\n<tbody>\n<tr class=\"woocommerce-product-attributes-item woocommerce-product-attributes-item--attribute_pa_do-tho-kich-thuoc\">\n<th class=\"woocommerce-product-attributes-item__label\">\u0110\u1ed2 TH\u1edc &#8211; K\u00cdCH TH\u01af\u1edaC<\/th>\n<td class=\"woocommerce-product-attributes-item__value\">C\u1ee1 Trung, C\u1ee1 \u0110\u1ea1i<\/td>\n<\/tr>\n<tr class=\"woocommerce-product-attributes-item woocommerce-product-attributes-item--attribute_pa_do-tho-bo-do-tho\">\n<th class=\"woocommerce-product-attributes-item__label\">\u0110\u1ed2 TH\u1edc &#8211; B\u1ed8 \u0110\u1ed2 TH\u1edc<\/th>\n<td class=\"woocommerce-product-attributes-item__value\">XDL \u2013 S\u1ee9 Tr\u1eafng Hoa Sen V\u00e0ng<\/td>\n<\/tr>\n<tr class=\"woocommerce-product-attributes-item woocommerce-product-attributes-item--attribute_pa_do-tho-chat-lieu\">\n<th class=\"woocommerce-product-attributes-item__label\">\u0110\u1ed2 TH\u1edc &#8211; CH\u1ea4T LI\u1ec6U<\/th>\n<td class=\"woocommerce-product-attributes-item__value\">S\u1ee9 \/ G\u1ed1m<\/td>\n<\/tr>\n<\/tbody>\n<\/table>\n<h4 class=\"bundled_product_attributes_title\">L\u01b0 Tr\u1ea7m S\u1ee9 Tr\u1eafng Vi\u1ec1n V\u00e0ng In Hoa Sen<\/h4>\n<table class=\"woocommerce-product-attributes shop_attributes\">\n<tbody>\n<tr class=\"woocommerce-product-attributes-item woocommerce-product-attributes-item--attribute_pa_do-tho-chat-lieu\">\n<th class=\"woocommerce-product-attributes-item__label\">\u0110\u1ed2 TH\u1edc &#8211; CH\u1ea4T LI\u1ec6U<\/th>\n<td class=\"woocommerce-product-attributes-item__value\">S\u1ee9 \/ G\u1ed1m<\/td>\n<\/tr>\n<tr class=\"woocommerce-product-attributes-item woocommerce-product-attributes-item--attribute_pa_do-tho-mau-sac\">\n<th class=\"woocommerce-product-attributes-item__label\">\u0110\u1ed2 TH\u1edc &#8211; M\u00c0U S\u1eaeC<\/th>\n<td class=\"woocommerce-product-attributes-item__value\">M\u00e0u Tr\u1eafng<\/td>\n<\/tr>\n<\/tbody>\n<\/table>\n<h4 class=\"bundled_product_attributes_title\">\u0110\u00e8n D\u1ea7u S\u1ee9 Tr\u1eafng Hoa Sen V\u00e0ng, C\u1ee1 To<\/h4>\n<table class=\"woocommerce-product-attributes shop_attributes\">\n<tbody>\n<tr class=\"woocommerce-product-attributes-item woocommerce-product-attributes-item--attribute_pa_do-tho-bo-do-tho\">\n<th class=\"woocommerce-product-attributes-item__label\">\u0110\u1ed2 TH\u1edc &#8211; B\u1ed8 \u0110\u1ed2 TH\u1edc<\/th>\n<td class=\"woocommerce-product-attributes-item__value\">XDL \u2013 S\u1ee9 Tr\u1eafng Hoa Sen V\u00e0ng<\/td>\n<\/tr>\n<tr class=\"woocommerce-product-attributes-item woocommerce-product-attributes-item--attribute_pa_do-tho-chat-lieu\">\n<th class=\"woocommerce-product-attributes-item__label\">\u0110\u1ed2 TH\u1edc &#8211; CH\u1ea4T LI\u1ec6U<\/th>\n<td class=\"woocommerce-product-attributes-item__value\">S\u1ee9 \/ G\u1ed1m<\/td>\n<\/tr>\n<\/tbody>\n<\/table>\n<h4 class=\"bundled_product_attributes_title\">\u0110\u0129a Th\u1edd (M\u00e2m B\u1ed3ng) S\u1ee9 Tr\u1eafng Hoa Sen V\u00e0ng, \u0110\u01b0\u1eddng K\u00ednh 23cm<\/h4>\n<table class=\"woocommerce-product-attributes shop_attributes\">\n<tbody>\n<tr class=\"woocommerce-product-attributes-item woocommerce-product-attributes-item--attribute_pa_do-tho-bo-do-tho\">\n<th class=\"woocommerce-product-attributes-item__label\">\u0110\u1ed2 TH\u1edc &#8211; B\u1ed8 \u0110\u1ed2 TH\u1edc<\/th>\n<td class=\"woocommerce-product-attributes-item__value\">XDL \u2013 S\u1ee9 Tr\u1eafng Hoa Sen V\u00e0ng<\/td>\n<\/tr>\n<tr class=\"woocommerce-product-attributes-item woocommerce-product-attributes-item--attribute_pa_do-tho-chat-lieu\">\n<th class=\"woocommerce-product-attributes-item__label\">\u0110\u1ed2 TH\u1edc &#8211; CH\u1ea4T LI\u1ec6U<\/th>\n<td class=\"woocommerce-product-attributes-item__value\">S\u1ee9 \/ G\u1ed1m<\/td>\n<\/tr>\n<tr class=\"woocommerce-product-attributes-item woocommerce-product-attributes-item--attribute_pa_do-tho-kich-thuoc\">\n<th class=\"woocommerce-product-attributes-item__label\">\u0110\u1ed2 TH\u1edc &#8211; K\u00cdCH TH\u01af\u1edaC<\/th>\n<td class=\"woocommerce-product-attributes-item__value\">23cm<\/td>\n<\/tr>\n<\/tbody>\n<\/table>\n<h4 class=\"bundled_product_attributes_title\">L\u1ecd Hoa (B\u00ecnh B\u00f4ng) Th\u1edd C\u00fang S\u1ee9 Tr\u1eafng Hoa Sen V\u00e0ng, Nhi\u1ec1u K\u00edch Th\u01b0\u1edbc<\/h4>\n<table class=\"woocommerce-product-attributes shop_attributes\">\n<tbody>\n<tr class=\"woocommerce-product-attributes-item woocommerce-product-attributes-item--attribute_pa_do-tho-bo-do-tho\">\n<th class=\"woocommerce-product-attributes-item__label\">\u0110\u1ed2 TH\u1edc &#8211; B\u1ed8 \u0110\u1ed2 TH\u1edc<\/th>\n<td class=\"woocommerce-product-attributes-item__value\">XDL \u2013 S\u1ee9 Tr\u1eafng Hoa Sen V\u00e0ng<\/td>\n<\/tr>\n<tr class=\"woocommerce-product-attributes-item woocommerce-product-attributes-item--attribute_pa_do-tho-chat-lieu\">\n<th class=\"woocommerce-product-attributes-item__label\">\u0110\u1ed2 TH\u1edc &#8211; CH\u1ea4T LI\u1ec6U<\/th>\n<td class=\"woocommerce-product-attributes-item__value\">S\u1ee9 \/ G\u1ed1m<\/td>\n<\/tr>\n<tr class=\"woocommerce-product-attributes-item woocommerce-product-attributes-item--attribute_pa_do-tho-kich-thuoc\">\n<th class=\"woocommerce-product-attributes-item__label\">\u0110\u1ed2 TH\u1edc &#8211; K\u00cdCH TH\u01af\u1edaC<\/th>\n<td class=\"woocommerce-product-attributes-item__value\">10inch (25cm), 12inch (30cm), 8inch (20cm)<\/td>\n<\/tr>\n<\/tbody>\n<\/table>\n<\/div>\n<\/div>\n","protected":false},"excerpt":{"rendered":"<p><img loading=\"lazy\" decoding=\"async\" class=\"alignnone size-full wp-image-2809 ls-is-cached lazyloaded\" src=\"https:\/\/phapduyen.com\/wp-content\/uploads\/2016\/05\/tick.png\" alt=\"\" width=\"16\" height=\"16\" data-src=\"https:\/\/phapduyen.com\/wp-content\/uploads\/2016\/05\/tick.png\" \/>\u00a0B\u1ed9 \u0111\u1ed3 th\u1edd s\u1ee9 tr\u1eafng hoa sen v\u00e0ng cao c\u1ea5p<br \/>\n<img loading=\"lazy\" decoding=\"async\" class=\"alignnone size-full wp-image-2809 ls-is-cached lazyloaded\" src=\"https:\/\/phapduyen.com\/wp-content\/uploads\/2016\/05\/tick.png\" alt=\"\" width=\"16\" height=\"16\" data-src=\"https:\/\/phapduyen.com\/wp-content\/uploads\/2016\/05\/tick.png\" \/>\u00a0M\u1ea7u s\u1eafc n\u1ed5i b\u1eadt, c\u00e1c chi ti\u1ebft \u0111\u01b0\u1eddng n\u00e9t hoa v\u0103n, h\u1ecda ti\u1ebft \u0111\u01b0\u1ee3c ch\u1ebf t\u00e1c t\u1ec9 m\u1ec9, tinh x\u1ea3o<br \/>\n<img loading=\"lazy\" decoding=\"async\" class=\"alignnone size-full wp-image-2809 ls-is-cached lazyloaded\" src=\"https:\/\/phapduyen.com\/wp-content\/uploads\/2016\/05\/tick.png\" alt=\"\" width=\"16\" height=\"16\" data-src=\"https:\/\/phapduyen.com\/wp-content\/uploads\/2016\/05\/tick.png\" \/>\u00a0S\u1ea3n ph\u1ea9m \u0111\u01b0\u1ee3c l\u00e0m t\u1eeb s\u1ee9 tr\u1eafng cao c\u1ea5p, b\u1ec1n m\u00e0u theo th\u1eddi gian<br \/>\n<img loading=\"lazy\" decoding=\"async\" class=\"size-full wp-image-2809 alignnone ls-is-cached lazyloaded\" src=\"https:\/\/phapduyen.com\/wp-content\/uploads\/2016\/05\/tick.png\" alt=\"tick\" width=\"16\" height=\"16\" data-src=\"https:\/\/phapduyen.com\/wp-content\/uploads\/2016\/05\/tick.png\" \/>\u00a0B\u1ed9 \u0111\u1ed3 th\u1edd bao g\u1ed3m: 1 b\u00e1t h\u01b0\u01a1ng, 2 b\u00ecnh b\u00f4ng, 2 \u0111\u0129a tr\u00e1i c\u00e2y, 1 \u0111\u00e8n d\u1ea7u, 3 ly n\u01b0\u1edbc, 3 ch\u00e9n \u0111\u1eb7t ly n\u01b0\u1edbc, 1 l\u01b0 h\u01b0\u01a1ng. 2 \u0111\u1ebf n\u1ebfn<\/p>\n","protected":false},"featured_media":3144,"comment_status":"open","ping_status":"closed","template":"","meta":[],"product_brand":[],"product_cat":[541,539,532,540,538,15],"product_tag":[],"class_list":{"0":"post-3143","1":"product","2":"type-product","3":"status-publish","4":"has-post-thumbnail","6":"product_cat-bat-huong-lu-huong","7":"product_cat-chen-nuoc-tho","8":"product_cat-den-tho-dien-den-led","9":"product_cat-dia-tho-mam-bong","10":"product_cat-do-tho","11":"product_cat-top-san-pham-ban-chay","13":"first","14":"instock","15":"shipping-taxable","16":"purchasable","17":"product-type-simple"},"yoast_head":"<!-- This site is optimized with the Yoast SEO plugin v27.5 - https:\/\/yoast.com\/product\/yoast-seo-wordpress\/ -->\n<title>B\u1ed9 \u0110\u1ed3 Th\u1edd S\u1ee9 Tr\u1eafng Hoa Sen V\u00e0ng - dothoquynhanh<\/title>\n<meta name=\"robots\" content=\"index, follow, max-snippet:-1, max-image-preview:large, max-video-preview:-1\" \/>\n<link rel=\"canonical\" href=\"https:\/\/dothoquynhanh.com\/?product=bo-do-tho-su-trang-hoa-sen-vang\" \/>\n<meta property=\"og:locale\" content=\"vi_VN\" \/>\n<meta property=\"og:type\" content=\"article\" \/>\n<meta property=\"og:title\" content=\"B\u1ed9 \u0110\u1ed3 Th\u1edd S\u1ee9 Tr\u1eafng Hoa Sen V\u00e0ng - dothoquynhanh\" \/>\n<meta property=\"og:description\" content=\"\u00a0B\u1ed9 \u0111\u1ed3 th\u1edd s\u1ee9 tr\u1eafng hoa sen v\u00e0ng cao c\u1ea5p \u00a0M\u1ea7u s\u1eafc n\u1ed5i b\u1eadt, c\u00e1c chi ti\u1ebft \u0111\u01b0\u1eddng n\u00e9t hoa v\u0103n, h\u1ecda ti\u1ebft \u0111\u01b0\u1ee3c ch\u1ebf t\u00e1c t\u1ec9 m\u1ec9, tinh x\u1ea3o \u00a0S\u1ea3n ph\u1ea9m \u0111\u01b0\u1ee3c l\u00e0m t\u1eeb s\u1ee9 tr\u1eafng cao c\u1ea5p, b\u1ec1n m\u00e0u theo th\u1eddi gian \u00a0B\u1ed9 \u0111\u1ed3 th\u1edd bao g\u1ed3m: 1 b\u00e1t h\u01b0\u01a1ng, 2 b\u00ecnh b\u00f4ng, 2 \u0111\u0129a tr\u00e1i c\u00e2y, 1 \u0111\u00e8n d\u1ea7u, 3 ly n\u01b0\u1edbc, 3 ch\u00e9n \u0111\u1eb7t ly n\u01b0\u1edbc, 1 l\u01b0 h\u01b0\u01a1ng. 2 \u0111\u1ebf n\u1ebfn\" \/>\n<meta property=\"og:url\" content=\"https:\/\/dothoquynhanh.com\/?product=bo-do-tho-su-trang-hoa-sen-vang\" \/>\n<meta property=\"og:site_name\" content=\"dothoquynhanh\" \/>\n<meta property=\"article:modified_time\" content=\"2020-12-11T10:04:46+00:00\" \/>\n<meta property=\"og:image\" content=\"https:\/\/dothoquynhanh.com\/wp-content\/uploads\/2020\/12\/Bo-Do-Tho-Su-Trang-Hoa-Sen-Vang.jpg\" \/>\n\t<meta property=\"og:image:width\" content=\"800\" \/>\n\t<meta property=\"og:image:height\" content=\"800\" \/>\n\t<meta property=\"og:image:type\" content=\"image\/jpeg\" \/>\n<meta name=\"twitter:card\" content=\"summary_large_image\" \/>\n<meta name=\"twitter:label1\" content=\"\u01af\u1edbc t\u00ednh th\u1eddi gian \u0111\u1ecdc\" \/>\n\t<meta name=\"twitter:data1\" content=\"2 ph\u00fat\" \/>\n<script type=\"application\/ld+json\" class=\"yoast-schema-graph\">{\"@context\":\"https:\\\/\\\/schema.org\",\"@graph\":[{\"@type\":\"WebPage\",\"@id\":\"https:\\\/\\\/dothoquynhanh.com\\\/?product=bo-do-tho-su-trang-hoa-sen-vang\",\"url\":\"https:\\\/\\\/dothoquynhanh.com\\\/?product=bo-do-tho-su-trang-hoa-sen-vang\",\"name\":\"B\u1ed9 \u0110\u1ed3 Th\u1edd S\u1ee9 Tr\u1eafng Hoa Sen V\u00e0ng - dothoquynhanh\",\"isPartOf\":{\"@id\":\"https:\\\/\\\/dothoquynhanh.com\\\/#website\"},\"primaryImageOfPage\":{\"@id\":\"https:\\\/\\\/dothoquynhanh.com\\\/?product=bo-do-tho-su-trang-hoa-sen-vang#primaryimage\"},\"image\":{\"@id\":\"https:\\\/\\\/dothoquynhanh.com\\\/?product=bo-do-tho-su-trang-hoa-sen-vang#primaryimage\"},\"thumbnailUrl\":\"https:\\\/\\\/dothoquynhanh.com\\\/wp-content\\\/uploads\\\/2020\\\/12\\\/Bo-Do-Tho-Su-Trang-Hoa-Sen-Vang.jpg\",\"datePublished\":\"2020-12-11T10:04:15+00:00\",\"dateModified\":\"2020-12-11T10:04:46+00:00\",\"breadcrumb\":{\"@id\":\"https:\\\/\\\/dothoquynhanh.com\\\/?product=bo-do-tho-su-trang-hoa-sen-vang#breadcrumb\"},\"inLanguage\":\"vi\",\"potentialAction\":[{\"@type\":\"ReadAction\",\"target\":[\"https:\\\/\\\/dothoquynhanh.com\\\/?product=bo-do-tho-su-trang-hoa-sen-vang\"]}]},{\"@type\":\"ImageObject\",\"inLanguage\":\"vi\",\"@id\":\"https:\\\/\\\/dothoquynhanh.com\\\/?product=bo-do-tho-su-trang-hoa-sen-vang#primaryimage\",\"url\":\"https:\\\/\\\/dothoquynhanh.com\\\/wp-content\\\/uploads\\\/2020\\\/12\\\/Bo-Do-Tho-Su-Trang-Hoa-Sen-Vang.jpg\",\"contentUrl\":\"https:\\\/\\\/dothoquynhanh.com\\\/wp-content\\\/uploads\\\/2020\\\/12\\\/Bo-Do-Tho-Su-Trang-Hoa-Sen-Vang.jpg\",\"width\":800,\"height\":800},{\"@type\":\"BreadcrumbList\",\"@id\":\"https:\\\/\\\/dothoquynhanh.com\\\/?product=bo-do-tho-su-trang-hoa-sen-vang#breadcrumb\",\"itemListElement\":[{\"@type\":\"ListItem\",\"position\":1,\"name\":\"Trang ch\u1ee7\",\"item\":\"https:\\\/\\\/dothoquynhanh.com\\\/\"},{\"@type\":\"ListItem\",\"position\":2,\"name\":\"S\u1ea3n ph\u1ea9m\",\"item\":\"https:\\\/\\\/dothoquynhanh.com\\\/?page_id=64\"},{\"@type\":\"ListItem\",\"position\":3,\"name\":\"B\u1ed9 \u0110\u1ed3 Th\u1edd S\u1ee9 Tr\u1eafng Hoa Sen V\u00e0ng\"}]},{\"@type\":\"WebSite\",\"@id\":\"https:\\\/\\\/dothoquynhanh.com\\\/#website\",\"url\":\"https:\\\/\\\/dothoquynhanh.com\\\/\",\"name\":\"dothoquynhanh\",\"description\":\"\u0110\u1ed2 TH\u1edc PHONG TH\u1ee6Y CAO C\u1ea4P QU\u1ef2NH ANH\",\"publisher\":{\"@id\":\"https:\\\/\\\/dothoquynhanh.com\\\/#\\\/schema\\\/person\\\/9a6a0bff9151168cc437e710214dc286\"},\"potentialAction\":[{\"@type\":\"SearchAction\",\"target\":{\"@type\":\"EntryPoint\",\"urlTemplate\":\"https:\\\/\\\/dothoquynhanh.com\\\/?s={search_term_string}\"},\"query-input\":{\"@type\":\"PropertyValueSpecification\",\"valueRequired\":true,\"valueName\":\"search_term_string\"}}],\"inLanguage\":\"vi\"},{\"@type\":[\"Person\",\"Organization\"],\"@id\":\"https:\\\/\\\/dothoquynhanh.com\\\/#\\\/schema\\\/person\\\/9a6a0bff9151168cc437e710214dc286\",\"name\":\"Qu\u1ef3nh Anh\",\"image\":{\"@type\":\"ImageObject\",\"inLanguage\":\"vi\",\"@id\":\"https:\\\/\\\/secure.gravatar.com\\\/avatar\\\/a86689d41574456e4a65d69a1f70c64ef3172d5d71e939217b478f5347cec268?s=96&d=mm&r=g\",\"url\":\"https:\\\/\\\/secure.gravatar.com\\\/avatar\\\/a86689d41574456e4a65d69a1f70c64ef3172d5d71e939217b478f5347cec268?s=96&d=mm&r=g\",\"contentUrl\":\"https:\\\/\\\/secure.gravatar.com\\\/avatar\\\/a86689d41574456e4a65d69a1f70c64ef3172d5d71e939217b478f5347cec268?s=96&d=mm&r=g\",\"caption\":\"Qu\u1ef3nh Anh\"},\"logo\":{\"@id\":\"https:\\\/\\\/secure.gravatar.com\\\/avatar\\\/a86689d41574456e4a65d69a1f70c64ef3172d5d71e939217b478f5347cec268?s=96&d=mm&r=g\"},\"sameAs\":[\"https:\\\/\\\/dothoquynhanh.com\",\"admin\"]}]}<\/script>\n<!-- \/ Yoast SEO plugin. -->","yoast_head_json":{"title":"B\u1ed9 \u0110\u1ed3 Th\u1edd S\u1ee9 Tr\u1eafng Hoa Sen V\u00e0ng - dothoquynhanh","robots":{"index":"index","follow":"follow","max-snippet":"max-snippet:-1","max-image-preview":"max-image-preview:large","max-video-preview":"max-video-preview:-1"},"canonical":"https:\/\/dothoquynhanh.com\/?product=bo-do-tho-su-trang-hoa-sen-vang","og_locale":"vi_VN","og_type":"article","og_title":"B\u1ed9 \u0110\u1ed3 Th\u1edd S\u1ee9 Tr\u1eafng Hoa Sen V\u00e0ng - dothoquynhanh","og_description":"\u00a0B\u1ed9 \u0111\u1ed3 th\u1edd s\u1ee9 tr\u1eafng hoa sen v\u00e0ng cao c\u1ea5p \u00a0M\u1ea7u s\u1eafc n\u1ed5i b\u1eadt, c\u00e1c chi ti\u1ebft \u0111\u01b0\u1eddng n\u00e9t hoa v\u0103n, h\u1ecda ti\u1ebft \u0111\u01b0\u1ee3c ch\u1ebf t\u00e1c t\u1ec9 m\u1ec9, tinh x\u1ea3o \u00a0S\u1ea3n ph\u1ea9m \u0111\u01b0\u1ee3c l\u00e0m t\u1eeb s\u1ee9 tr\u1eafng cao c\u1ea5p, b\u1ec1n m\u00e0u theo th\u1eddi gian \u00a0B\u1ed9 \u0111\u1ed3 th\u1edd bao g\u1ed3m: 1 b\u00e1t h\u01b0\u01a1ng, 2 b\u00ecnh b\u00f4ng, 2 \u0111\u0129a tr\u00e1i c\u00e2y, 1 \u0111\u00e8n d\u1ea7u, 3 ly n\u01b0\u1edbc, 3 ch\u00e9n \u0111\u1eb7t ly n\u01b0\u1edbc, 1 l\u01b0 h\u01b0\u01a1ng. 2 \u0111\u1ebf n\u1ebfn","og_url":"https:\/\/dothoquynhanh.com\/?product=bo-do-tho-su-trang-hoa-sen-vang","og_site_name":"dothoquynhanh","article_modified_time":"2020-12-11T10:04:46+00:00","og_image":[{"width":800,"height":800,"url":"https:\/\/dothoquynhanh.com\/wp-content\/uploads\/2020\/12\/Bo-Do-Tho-Su-Trang-Hoa-Sen-Vang.jpg","type":"image\/jpeg"}],"twitter_card":"summary_large_image","twitter_misc":{"\u01af\u1edbc t\u00ednh th\u1eddi gian \u0111\u1ecdc":"2 ph\u00fat"},"schema":{"@context":"https:\/\/schema.org","@graph":[{"@type":"WebPage","@id":"https:\/\/dothoquynhanh.com\/?product=bo-do-tho-su-trang-hoa-sen-vang","url":"https:\/\/dothoquynhanh.com\/?product=bo-do-tho-su-trang-hoa-sen-vang","name":"B\u1ed9 \u0110\u1ed3 Th\u1edd S\u1ee9 Tr\u1eafng Hoa Sen V\u00e0ng - dothoquynhanh","isPartOf":{"@id":"https:\/\/dothoquynhanh.com\/#website"},"primaryImageOfPage":{"@id":"https:\/\/dothoquynhanh.com\/?product=bo-do-tho-su-trang-hoa-sen-vang#primaryimage"},"image":{"@id":"https:\/\/dothoquynhanh.com\/?product=bo-do-tho-su-trang-hoa-sen-vang#primaryimage"},"thumbnailUrl":"https:\/\/dothoquynhanh.com\/wp-content\/uploads\/2020\/12\/Bo-Do-Tho-Su-Trang-Hoa-Sen-Vang.jpg","datePublished":"2020-12-11T10:04:15+00:00","dateModified":"2020-12-11T10:04:46+00:00","breadcrumb":{"@id":"https:\/\/dothoquynhanh.com\/?product=bo-do-tho-su-trang-hoa-sen-vang#breadcrumb"},"inLanguage":"vi","potentialAction":[{"@type":"ReadAction","target":["https:\/\/dothoquynhanh.com\/?product=bo-do-tho-su-trang-hoa-sen-vang"]}]},{"@type":"ImageObject","inLanguage":"vi","@id":"https:\/\/dothoquynhanh.com\/?product=bo-do-tho-su-trang-hoa-sen-vang#primaryimage","url":"https:\/\/dothoquynhanh.com\/wp-content\/uploads\/2020\/12\/Bo-Do-Tho-Su-Trang-Hoa-Sen-Vang.jpg","contentUrl":"https:\/\/dothoquynhanh.com\/wp-content\/uploads\/2020\/12\/Bo-Do-Tho-Su-Trang-Hoa-Sen-Vang.jpg","width":800,"height":800},{"@type":"BreadcrumbList","@id":"https:\/\/dothoquynhanh.com\/?product=bo-do-tho-su-trang-hoa-sen-vang#breadcrumb","itemListElement":[{"@type":"ListItem","position":1,"name":"Trang ch\u1ee7","item":"https:\/\/dothoquynhanh.com\/"},{"@type":"ListItem","position":2,"name":"S\u1ea3n ph\u1ea9m","item":"https:\/\/dothoquynhanh.com\/?page_id=64"},{"@type":"ListItem","position":3,"name":"B\u1ed9 \u0110\u1ed3 Th\u1edd S\u1ee9 Tr\u1eafng Hoa Sen V\u00e0ng"}]},{"@type":"WebSite","@id":"https:\/\/dothoquynhanh.com\/#website","url":"https:\/\/dothoquynhanh.com\/","name":"dothoquynhanh","description":"\u0110\u1ed2 TH\u1edc PHONG TH\u1ee6Y CAO C\u1ea4P QU\u1ef2NH ANH","publisher":{"@id":"https:\/\/dothoquynhanh.com\/#\/schema\/person\/9a6a0bff9151168cc437e710214dc286"},"potentialAction":[{"@type":"SearchAction","target":{"@type":"EntryPoint","urlTemplate":"https:\/\/dothoquynhanh.com\/?s={search_term_string}"},"query-input":{"@type":"PropertyValueSpecification","valueRequired":true,"valueName":"search_term_string"}}],"inLanguage":"vi"},{"@type":["Person","Organization"],"@id":"https:\/\/dothoquynhanh.com\/#\/schema\/person\/9a6a0bff9151168cc437e710214dc286","name":"Qu\u1ef3nh Anh","image":{"@type":"ImageObject","inLanguage":"vi","@id":"https:\/\/secure.gravatar.com\/avatar\/a86689d41574456e4a65d69a1f70c64ef3172d5d71e939217b478f5347cec268?s=96&d=mm&r=g","url":"https:\/\/secure.gravatar.com\/avatar\/a86689d41574456e4a65d69a1f70c64ef3172d5d71e939217b478f5347cec268?s=96&d=mm&r=g","contentUrl":"https:\/\/secure.gravatar.com\/avatar\/a86689d41574456e4a65d69a1f70c64ef3172d5d71e939217b478f5347cec268?s=96&d=mm&r=g","caption":"Qu\u1ef3nh Anh"},"logo":{"@id":"https:\/\/secure.gravatar.com\/avatar\/a86689d41574456e4a65d69a1f70c64ef3172d5d71e939217b478f5347cec268?s=96&d=mm&r=g"},"sameAs":["https:\/\/dothoquynhanh.com","admin"]}]}},"_links":{"self":[{"href":"https:\/\/dothoquynhanh.com\/index.php?rest_route=\/wp\/v2\/product\/3143","targetHints":{"allow":["GET"]}}],"collection":[{"href":"https:\/\/dothoquynhanh.com\/index.php?rest_route=\/wp\/v2\/product"}],"about":[{"href":"https:\/\/dothoquynhanh.com\/index.php?rest_route=\/wp\/v2\/types\/product"}],"replies":[{"embeddable":true,"href":"https:\/\/dothoquynhanh.com\/index.php?rest_route=%2Fwp%2Fv2%2Fcomments&post=3143"}],"wp:featuredmedia":[{"embeddable":true,"href":"https:\/\/dothoquynhanh.com\/index.php?rest_route=\/wp\/v2\/media\/3144"}],"wp:attachment":[{"href":"https:\/\/dothoquynhanh.com\/index.php?rest_route=%2Fwp%2Fv2%2Fmedia&parent=3143"}],"wp:term":[{"taxonomy":"product_brand","embeddable":true,"href":"https:\/\/dothoquynhanh.com\/index.php?rest_route=%2Fwp%2Fv2%2Fproduct_brand&post=3143"},{"taxonomy":"product_cat","embeddable":true,"href":"https:\/\/dothoquynhanh.com\/index.php?rest_route=%2Fwp%2Fv2%2Fproduct_cat&post=3143"},{"taxonomy":"product_tag","embeddable":true,"href":"https:\/\/dothoquynhanh.com\/index.php?rest_route=%2Fwp%2Fv2%2Fproduct_tag&post=3143"}],"curies":[{"name":"wp","href":"https:\/\/api.w.org\/{rel}","templated":true}]}}