{"id":3131,"date":"2020-12-11T09:40:42","date_gmt":"2020-12-11T09:40:42","guid":{"rendered":"https:\/\/dothoquynhanh.com\/?post_type=product&#038;p=3131"},"modified":"2021-01-11T08:05:41","modified_gmt":"2021-01-11T08:05:41","slug":"bo-do-tho-bang-dong-den-vien-vang","status":"publish","type":"product","link":"https:\/\/dothoquynhanh.com\/?product=bo-do-tho-bang-dong-den-vien-vang","title":{"rendered":"B\u1ed9 \u0110\u1ed3 Th\u1edd B\u1eb1ng \u0110\u1ed3ng \u0110en Vi\u1ec1n V\u00e0ng"},"content":{"rendered":"<p><img loading=\"lazy\" decoding=\"async\" class=\"alignnone size-medium wp-image-3132\" src=\"http:\/\/dothoquynhanh.com\/wp-content\/uploads\/2020\/12\/Bo-Do-Tho-Bang-Dong-Den-Vien-Vang-400x400.jpg\" alt=\"\" width=\"400\" height=\"400\" srcset=\"https:\/\/dothoquynhanh.com\/wp-content\/uploads\/2020\/12\/Bo-Do-Tho-Bang-Dong-Den-Vien-Vang-400x400.jpg 400w, https:\/\/dothoquynhanh.com\/wp-content\/uploads\/2020\/12\/Bo-Do-Tho-Bang-Dong-Den-Vien-Vang-100x100.jpg 100w, https:\/\/dothoquynhanh.com\/wp-content\/uploads\/2020\/12\/Bo-Do-Tho-Bang-Dong-Den-Vien-Vang-510x510.jpg 510w, https:\/\/dothoquynhanh.com\/wp-content\/uploads\/2020\/12\/Bo-Do-Tho-Bang-Dong-Den-Vien-Vang-280x280.jpg 280w, https:\/\/dothoquynhanh.com\/wp-content\/uploads\/2020\/12\/Bo-Do-Tho-Bang-Dong-Den-Vien-Vang-768x768.jpg 768w, https:\/\/dothoquynhanh.com\/wp-content\/uploads\/2020\/12\/Bo-Do-Tho-Bang-Dong-Den-Vien-Vang.jpg 800w\" sizes=\"auto, (max-width: 400px) 100vw, 400px\" \/><\/p>\n<p><img loading=\"lazy\" decoding=\"async\" class=\"alignnone size-full wp-image-2809 ls-is-cached lazyloaded\" src=\"https:\/\/phapduyen.com\/wp-content\/uploads\/2016\/05\/tick.png\" alt=\"\" width=\"16\" height=\"16\" data-src=\"https:\/\/phapduyen.com\/wp-content\/uploads\/2016\/05\/tick.png\" \/>\u00a0B\u1ed9 \u0111\u1ed3 th\u1edd hoa sen \u0111\u1ed3ng \u0111en cao c\u1ea5p<br \/>\n<img loading=\"lazy\" decoding=\"async\" class=\"alignnone size-full wp-image-2809 ls-is-cached lazyloaded\" src=\"https:\/\/phapduyen.com\/wp-content\/uploads\/2016\/05\/tick.png\" alt=\"\" width=\"16\" height=\"16\" data-src=\"https:\/\/phapduyen.com\/wp-content\/uploads\/2016\/05\/tick.png\" \/>\u00a0M\u1ea7u s\u1eafc n\u1ed5i b\u1eadt, c\u00e1c chi ti\u1ebft \u0111\u01b0\u1eddng n\u00e9t hoa v\u0103n, h\u1ecda ti\u1ebft \u0111\u01b0\u1ee3c ch\u1ebf t\u00e1c t\u1ec9 m\u1ec9, tinh x\u1ea3o<br \/>\n<img loading=\"lazy\" decoding=\"async\" class=\"alignnone size-full wp-image-2809 ls-is-cached lazyloaded\" src=\"https:\/\/phapduyen.com\/wp-content\/uploads\/2016\/05\/tick.png\" alt=\"\" width=\"16\" height=\"16\" data-src=\"https:\/\/phapduyen.com\/wp-content\/uploads\/2016\/05\/tick.png\" \/>\u00a0S\u1ea3n ph\u1ea9m \u0111\u01b0\u1ee3c l\u00e0m t\u1eeb \u0111\u1ed3ng \u0111en cao c\u1ea5p, ch\u1eafc ch\u1eafn, b\u1ec1n \u0111\u1eb9p theo th\u1eddi gian<br \/>\n<img loading=\"lazy\" decoding=\"async\" class=\"size-full wp-image-2809 alignnone ls-is-cached lazyloaded\" src=\"https:\/\/phapduyen.com\/wp-content\/uploads\/2016\/05\/tick.png\" alt=\"tick\" width=\"16\" height=\"16\" data-src=\"https:\/\/phapduyen.com\/wp-content\/uploads\/2016\/05\/tick.png\" \/>\u00a0B\u1ed9 \u0111\u1ed3 th\u1edd bao g\u1ed3m: 1 b\u00e1t h\u01b0\u01a1ng, 2 b\u00ecnh b\u00f4ng, 2 \u0111\u0129a tr\u00e1i c\u00e2y, 3 ly n\u01b0\u1edbc. 2 \u0111\u1ebf n\u1ebfn. 1 l\u1ecd h\u01b0\u01a1ng, 1 \u0111\u00e8n d\u1ea7u<\/p>\n<p>B\u00e1t H\u01b0\u01a1ng (B\u00e1t Nhang) Hoa Sen B\u1eb1ng \u0110\u1ed3ng Hai M\u00e0u, \u0110\u01b0\u1eddng K\u00ednh 22cm<br \/>\n9,890,000 \u20ab<\/p>\n<p>B\u00e1t h\u01b0\u01a1ng hoa sen m\u00e0u \u0111en vi\u1ec1n v\u00e0ng<br \/>\nM\u1ea7u s\u1eafc n\u1ed5i b\u1eadt, c\u00e1c chi ti\u1ebfn \u0111\u01b0\u1eddng n\u00e9t hoa v\u0103n, h\u1ecda ti\u1ebft \u0111\u01b0\u1ee3c ch\u1ebf t\u00e1c t\u1ec9 m\u1ec9, tinh x\u1ea3o<br \/>\nS\u1ea3n ph\u1ea9m \u0111\u01b0\u1ee3c l\u00e0m t\u1eeb \u0111\u1ed3ng hai m\u1ea7u cao c\u1ea5p, ch\u1eafc ch\u1eafn, b\u1ec1n \u0111\u1eb9p theo th\u1eddi gian<br \/>\nK\u00edch th\u01b0\u1edbc \u0111\u01b0\u1eddng kinh 22cm<br \/>\nCh\u00e2n N\u1ebfn B\u1eb1ng \u0110\u1ed3ng Hoa Sen N\u1ed5i, Cao 30cm<br \/>\n6,490,000 \u20ab<\/p>\n<p>Ch\u00e9n N\u01b0\u1edbc Th\u1edd B\u1eb1ng \u0110\u1ed3ng Hai M\u00e0u, K\u00edch Th\u01b0\u1edbc 7.5x9cm<br \/>\n780,000 \u20ab<\/p>\n<p>L\u1ecd Hoa (B\u00ecnh B\u00f4ng) Th\u1edd C\u00fang Sen B\u1eb1ng \u0110\u1ed3ng, Cao 30cm<br \/>\n5,590,000 \u20ab<\/p>\n<p>\u00d4ng H\u01b0\u01a1ng B\u1eb1ng \u0110\u1ed3ng Hai M\u00e0u, Cao 22cm<br \/>\n3,490,000 \u20ab<br \/>\n\u0110\u00e8n D\u1ea7u Ch\u00e2n \u0110\u1ed3ng, Cao 13.5cm<br \/>\n2,390,000 \u20ab<br \/>\n\u0110\u0129a Th\u1edd (M\u00e2m B\u1ed3ng) B\u1eb1ng \u0110\u1ed3ng Hoa Sen V\u00e0ng, K\u00edch Th\u01b0\u1edbc 30x9cm<br \/>\n2,390,000 \u20ab<\/p>\n","protected":false},"excerpt":{"rendered":"<p><img loading=\"lazy\" decoding=\"async\" class=\"alignnone size-full wp-image-2809 ls-is-cached lazyloaded\" src=\"https:\/\/phapduyen.com\/wp-content\/uploads\/2016\/05\/tick.png\" alt=\"\" width=\"16\" height=\"16\" data-src=\"https:\/\/phapduyen.com\/wp-content\/uploads\/2016\/05\/tick.png\" \/>\u00a0B\u1ed9 \u0111\u1ed3 th\u1edd hoa sen \u0111\u1ed3ng \u0111en cao c\u1ea5p<br \/>\n<img loading=\"lazy\" decoding=\"async\" class=\"alignnone size-full wp-image-2809 ls-is-cached lazyloaded\" src=\"https:\/\/phapduyen.com\/wp-content\/uploads\/2016\/05\/tick.png\" alt=\"\" width=\"16\" height=\"16\" data-src=\"https:\/\/phapduyen.com\/wp-content\/uploads\/2016\/05\/tick.png\" \/>\u00a0M\u1ea7u s\u1eafc n\u1ed5i b\u1eadt, c\u00e1c chi ti\u1ebft \u0111\u01b0\u1eddng n\u00e9t hoa v\u0103n, h\u1ecda ti\u1ebft \u0111\u01b0\u1ee3c ch\u1ebf t\u00e1c t\u1ec9 m\u1ec9, tinh x\u1ea3o<br \/>\n<img loading=\"lazy\" decoding=\"async\" class=\"alignnone size-full wp-image-2809 ls-is-cached lazyloaded\" src=\"https:\/\/phapduyen.com\/wp-content\/uploads\/2016\/05\/tick.png\" alt=\"\" width=\"16\" height=\"16\" data-src=\"https:\/\/phapduyen.com\/wp-content\/uploads\/2016\/05\/tick.png\" \/>\u00a0S\u1ea3n ph\u1ea9m \u0111\u01b0\u1ee3c l\u00e0m t\u1eeb \u0111\u1ed3ng \u0111en cao c\u1ea5p, ch\u1eafc ch\u1eafn, b\u1ec1n \u0111\u1eb9p theo th\u1eddi gian<br \/>\n<img loading=\"lazy\" decoding=\"async\" class=\"size-full wp-image-2809 alignnone ls-is-cached lazyloaded\" src=\"https:\/\/phapduyen.com\/wp-content\/uploads\/2016\/05\/tick.png\" alt=\"tick\" width=\"16\" height=\"16\" data-src=\"https:\/\/phapduyen.com\/wp-content\/uploads\/2016\/05\/tick.png\" \/>\u00a0B\u1ed9 \u0111\u1ed3 th\u1edd bao g\u1ed3m: 1 b\u00e1t h\u01b0\u01a1ng, 2 b\u00ecnh b\u00f4ng, 2 \u0111\u0129a tr\u00e1i c\u00e2y, 3 ly n\u01b0\u1edbc. 2 \u0111\u1ebf n\u1ebfn. 1 l\u1ecd h\u01b0\u01a1ng, 1 \u0111\u00e8n d\u1ea7u<\/p>\n","protected":false},"featured_media":3132,"comment_status":"open","ping_status":"closed","template":"","meta":[],"product_brand":[],"product_cat":[541,533,539,540,538],"product_tag":[],"class_list":{"0":"post-3131","1":"product","2":"type-product","3":"status-publish","4":"has-post-thumbnail","6":"product_cat-bat-huong-lu-huong","7":"product_cat-chan-nen","8":"product_cat-chen-nuoc-tho","9":"product_cat-dia-tho-mam-bong","10":"product_cat-do-tho","12":"first","13":"instock","14":"sale","15":"shipping-taxable","16":"purchasable","17":"product-type-simple"},"yoast_head":"<!-- This site is optimized with the Yoast SEO plugin v27.5 - https:\/\/yoast.com\/product\/yoast-seo-wordpress\/ -->\n<title>B\u1ed9 \u0110\u1ed3 Th\u1edd B\u1eb1ng \u0110\u1ed3ng \u0110en Vi\u1ec1n V\u00e0ng - dothoquynhanh<\/title>\n<meta name=\"robots\" content=\"index, follow, max-snippet:-1, max-image-preview:large, max-video-preview:-1\" \/>\n<link rel=\"canonical\" href=\"https:\/\/dothoquynhanh.com\/?product=bo-do-tho-bang-dong-den-vien-vang\" \/>\n<meta property=\"og:locale\" content=\"vi_VN\" \/>\n<meta property=\"og:type\" content=\"article\" \/>\n<meta property=\"og:title\" content=\"B\u1ed9 \u0110\u1ed3 Th\u1edd B\u1eb1ng \u0110\u1ed3ng \u0110en Vi\u1ec1n V\u00e0ng - dothoquynhanh\" \/>\n<meta property=\"og:description\" content=\"\u00a0B\u1ed9 \u0111\u1ed3 th\u1edd hoa sen \u0111\u1ed3ng \u0111en cao c\u1ea5p \u00a0M\u1ea7u s\u1eafc n\u1ed5i b\u1eadt, c\u00e1c chi ti\u1ebft \u0111\u01b0\u1eddng n\u00e9t hoa v\u0103n, h\u1ecda ti\u1ebft \u0111\u01b0\u1ee3c ch\u1ebf t\u00e1c t\u1ec9 m\u1ec9, tinh x\u1ea3o \u00a0S\u1ea3n ph\u1ea9m \u0111\u01b0\u1ee3c l\u00e0m t\u1eeb \u0111\u1ed3ng \u0111en cao c\u1ea5p, ch\u1eafc ch\u1eafn, b\u1ec1n \u0111\u1eb9p theo th\u1eddi gian \u00a0B\u1ed9 \u0111\u1ed3 th\u1edd bao g\u1ed3m: 1 b\u00e1t h\u01b0\u01a1ng, 2 b\u00ecnh b\u00f4ng, 2 \u0111\u0129a tr\u00e1i c\u00e2y, 3 ly n\u01b0\u1edbc. 2 \u0111\u1ebf n\u1ebfn. 1 l\u1ecd h\u01b0\u01a1ng, 1 \u0111\u00e8n d\u1ea7u\" \/>\n<meta property=\"og:url\" content=\"https:\/\/dothoquynhanh.com\/?product=bo-do-tho-bang-dong-den-vien-vang\" \/>\n<meta property=\"og:site_name\" content=\"dothoquynhanh\" \/>\n<meta property=\"article:modified_time\" content=\"2021-01-11T08:05:41+00:00\" \/>\n<meta property=\"og:image\" content=\"https:\/\/dothoquynhanh.com\/wp-content\/uploads\/2020\/12\/Bo-Do-Tho-Bang-Dong-Den-Vien-Vang.jpg\" \/>\n\t<meta property=\"og:image:width\" content=\"800\" \/>\n\t<meta property=\"og:image:height\" content=\"800\" \/>\n\t<meta property=\"og:image:type\" content=\"image\/jpeg\" \/>\n<meta name=\"twitter:card\" content=\"summary_large_image\" \/>\n<meta name=\"twitter:label1\" content=\"\u01af\u1edbc t\u00ednh th\u1eddi gian \u0111\u1ecdc\" \/>\n\t<meta name=\"twitter:data1\" content=\"1 ph\u00fat\" \/>\n<script type=\"application\/ld+json\" class=\"yoast-schema-graph\">{\"@context\":\"https:\\\/\\\/schema.org\",\"@graph\":[{\"@type\":\"WebPage\",\"@id\":\"https:\\\/\\\/dothoquynhanh.com\\\/?product=bo-do-tho-bang-dong-den-vien-vang\",\"url\":\"https:\\\/\\\/dothoquynhanh.com\\\/?product=bo-do-tho-bang-dong-den-vien-vang\",\"name\":\"B\u1ed9 \u0110\u1ed3 Th\u1edd B\u1eb1ng \u0110\u1ed3ng \u0110en Vi\u1ec1n V\u00e0ng - dothoquynhanh\",\"isPartOf\":{\"@id\":\"https:\\\/\\\/dothoquynhanh.com\\\/#website\"},\"primaryImageOfPage\":{\"@id\":\"https:\\\/\\\/dothoquynhanh.com\\\/?product=bo-do-tho-bang-dong-den-vien-vang#primaryimage\"},\"image\":{\"@id\":\"https:\\\/\\\/dothoquynhanh.com\\\/?product=bo-do-tho-bang-dong-den-vien-vang#primaryimage\"},\"thumbnailUrl\":\"https:\\\/\\\/dothoquynhanh.com\\\/wp-content\\\/uploads\\\/2020\\\/12\\\/Bo-Do-Tho-Bang-Dong-Den-Vien-Vang.jpg\",\"datePublished\":\"2020-12-11T09:40:42+00:00\",\"dateModified\":\"2021-01-11T08:05:41+00:00\",\"breadcrumb\":{\"@id\":\"https:\\\/\\\/dothoquynhanh.com\\\/?product=bo-do-tho-bang-dong-den-vien-vang#breadcrumb\"},\"inLanguage\":\"vi\",\"potentialAction\":[{\"@type\":\"ReadAction\",\"target\":[\"https:\\\/\\\/dothoquynhanh.com\\\/?product=bo-do-tho-bang-dong-den-vien-vang\"]}]},{\"@type\":\"ImageObject\",\"inLanguage\":\"vi\",\"@id\":\"https:\\\/\\\/dothoquynhanh.com\\\/?product=bo-do-tho-bang-dong-den-vien-vang#primaryimage\",\"url\":\"https:\\\/\\\/dothoquynhanh.com\\\/wp-content\\\/uploads\\\/2020\\\/12\\\/Bo-Do-Tho-Bang-Dong-Den-Vien-Vang.jpg\",\"contentUrl\":\"https:\\\/\\\/dothoquynhanh.com\\\/wp-content\\\/uploads\\\/2020\\\/12\\\/Bo-Do-Tho-Bang-Dong-Den-Vien-Vang.jpg\",\"width\":800,\"height\":800},{\"@type\":\"BreadcrumbList\",\"@id\":\"https:\\\/\\\/dothoquynhanh.com\\\/?product=bo-do-tho-bang-dong-den-vien-vang#breadcrumb\",\"itemListElement\":[{\"@type\":\"ListItem\",\"position\":1,\"name\":\"Trang ch\u1ee7\",\"item\":\"https:\\\/\\\/dothoquynhanh.com\\\/\"},{\"@type\":\"ListItem\",\"position\":2,\"name\":\"S\u1ea3n ph\u1ea9m\",\"item\":\"https:\\\/\\\/dothoquynhanh.com\\\/?page_id=64\"},{\"@type\":\"ListItem\",\"position\":3,\"name\":\"B\u1ed9 \u0110\u1ed3 Th\u1edd B\u1eb1ng \u0110\u1ed3ng \u0110en Vi\u1ec1n V\u00e0ng\"}]},{\"@type\":\"WebSite\",\"@id\":\"https:\\\/\\\/dothoquynhanh.com\\\/#website\",\"url\":\"https:\\\/\\\/dothoquynhanh.com\\\/\",\"name\":\"dothoquynhanh\",\"description\":\"\u0110\u1ed2 TH\u1edc PHONG TH\u1ee6Y CAO C\u1ea4P QU\u1ef2NH ANH\",\"publisher\":{\"@id\":\"https:\\\/\\\/dothoquynhanh.com\\\/#\\\/schema\\\/person\\\/9a6a0bff9151168cc437e710214dc286\"},\"potentialAction\":[{\"@type\":\"SearchAction\",\"target\":{\"@type\":\"EntryPoint\",\"urlTemplate\":\"https:\\\/\\\/dothoquynhanh.com\\\/?s={search_term_string}\"},\"query-input\":{\"@type\":\"PropertyValueSpecification\",\"valueRequired\":true,\"valueName\":\"search_term_string\"}}],\"inLanguage\":\"vi\"},{\"@type\":[\"Person\",\"Organization\"],\"@id\":\"https:\\\/\\\/dothoquynhanh.com\\\/#\\\/schema\\\/person\\\/9a6a0bff9151168cc437e710214dc286\",\"name\":\"Qu\u1ef3nh Anh\",\"image\":{\"@type\":\"ImageObject\",\"inLanguage\":\"vi\",\"@id\":\"https:\\\/\\\/secure.gravatar.com\\\/avatar\\\/a86689d41574456e4a65d69a1f70c64ef3172d5d71e939217b478f5347cec268?s=96&d=mm&r=g\",\"url\":\"https:\\\/\\\/secure.gravatar.com\\\/avatar\\\/a86689d41574456e4a65d69a1f70c64ef3172d5d71e939217b478f5347cec268?s=96&d=mm&r=g\",\"contentUrl\":\"https:\\\/\\\/secure.gravatar.com\\\/avatar\\\/a86689d41574456e4a65d69a1f70c64ef3172d5d71e939217b478f5347cec268?s=96&d=mm&r=g\",\"caption\":\"Qu\u1ef3nh Anh\"},\"logo\":{\"@id\":\"https:\\\/\\\/secure.gravatar.com\\\/avatar\\\/a86689d41574456e4a65d69a1f70c64ef3172d5d71e939217b478f5347cec268?s=96&d=mm&r=g\"},\"sameAs\":[\"https:\\\/\\\/dothoquynhanh.com\",\"admin\"]}]}<\/script>\n<!-- \/ Yoast SEO plugin. -->","yoast_head_json":{"title":"B\u1ed9 \u0110\u1ed3 Th\u1edd B\u1eb1ng \u0110\u1ed3ng \u0110en Vi\u1ec1n V\u00e0ng - dothoquynhanh","robots":{"index":"index","follow":"follow","max-snippet":"max-snippet:-1","max-image-preview":"max-image-preview:large","max-video-preview":"max-video-preview:-1"},"canonical":"https:\/\/dothoquynhanh.com\/?product=bo-do-tho-bang-dong-den-vien-vang","og_locale":"vi_VN","og_type":"article","og_title":"B\u1ed9 \u0110\u1ed3 Th\u1edd B\u1eb1ng \u0110\u1ed3ng \u0110en Vi\u1ec1n V\u00e0ng - dothoquynhanh","og_description":"\u00a0B\u1ed9 \u0111\u1ed3 th\u1edd hoa sen \u0111\u1ed3ng \u0111en cao c\u1ea5p \u00a0M\u1ea7u s\u1eafc n\u1ed5i b\u1eadt, c\u00e1c chi ti\u1ebft \u0111\u01b0\u1eddng n\u00e9t hoa v\u0103n, h\u1ecda ti\u1ebft \u0111\u01b0\u1ee3c ch\u1ebf t\u00e1c t\u1ec9 m\u1ec9, tinh x\u1ea3o \u00a0S\u1ea3n ph\u1ea9m \u0111\u01b0\u1ee3c l\u00e0m t\u1eeb \u0111\u1ed3ng \u0111en cao c\u1ea5p, ch\u1eafc ch\u1eafn, b\u1ec1n \u0111\u1eb9p theo th\u1eddi gian \u00a0B\u1ed9 \u0111\u1ed3 th\u1edd bao g\u1ed3m: 1 b\u00e1t h\u01b0\u01a1ng, 2 b\u00ecnh b\u00f4ng, 2 \u0111\u0129a tr\u00e1i c\u00e2y, 3 ly n\u01b0\u1edbc. 2 \u0111\u1ebf n\u1ebfn. 1 l\u1ecd h\u01b0\u01a1ng, 1 \u0111\u00e8n d\u1ea7u","og_url":"https:\/\/dothoquynhanh.com\/?product=bo-do-tho-bang-dong-den-vien-vang","og_site_name":"dothoquynhanh","article_modified_time":"2021-01-11T08:05:41+00:00","og_image":[{"width":800,"height":800,"url":"https:\/\/dothoquynhanh.com\/wp-content\/uploads\/2020\/12\/Bo-Do-Tho-Bang-Dong-Den-Vien-Vang.jpg","type":"image\/jpeg"}],"twitter_card":"summary_large_image","twitter_misc":{"\u01af\u1edbc t\u00ednh th\u1eddi gian \u0111\u1ecdc":"1 ph\u00fat"},"schema":{"@context":"https:\/\/schema.org","@graph":[{"@type":"WebPage","@id":"https:\/\/dothoquynhanh.com\/?product=bo-do-tho-bang-dong-den-vien-vang","url":"https:\/\/dothoquynhanh.com\/?product=bo-do-tho-bang-dong-den-vien-vang","name":"B\u1ed9 \u0110\u1ed3 Th\u1edd B\u1eb1ng \u0110\u1ed3ng \u0110en Vi\u1ec1n V\u00e0ng - dothoquynhanh","isPartOf":{"@id":"https:\/\/dothoquynhanh.com\/#website"},"primaryImageOfPage":{"@id":"https:\/\/dothoquynhanh.com\/?product=bo-do-tho-bang-dong-den-vien-vang#primaryimage"},"image":{"@id":"https:\/\/dothoquynhanh.com\/?product=bo-do-tho-bang-dong-den-vien-vang#primaryimage"},"thumbnailUrl":"https:\/\/dothoquynhanh.com\/wp-content\/uploads\/2020\/12\/Bo-Do-Tho-Bang-Dong-Den-Vien-Vang.jpg","datePublished":"2020-12-11T09:40:42+00:00","dateModified":"2021-01-11T08:05:41+00:00","breadcrumb":{"@id":"https:\/\/dothoquynhanh.com\/?product=bo-do-tho-bang-dong-den-vien-vang#breadcrumb"},"inLanguage":"vi","potentialAction":[{"@type":"ReadAction","target":["https:\/\/dothoquynhanh.com\/?product=bo-do-tho-bang-dong-den-vien-vang"]}]},{"@type":"ImageObject","inLanguage":"vi","@id":"https:\/\/dothoquynhanh.com\/?product=bo-do-tho-bang-dong-den-vien-vang#primaryimage","url":"https:\/\/dothoquynhanh.com\/wp-content\/uploads\/2020\/12\/Bo-Do-Tho-Bang-Dong-Den-Vien-Vang.jpg","contentUrl":"https:\/\/dothoquynhanh.com\/wp-content\/uploads\/2020\/12\/Bo-Do-Tho-Bang-Dong-Den-Vien-Vang.jpg","width":800,"height":800},{"@type":"BreadcrumbList","@id":"https:\/\/dothoquynhanh.com\/?product=bo-do-tho-bang-dong-den-vien-vang#breadcrumb","itemListElement":[{"@type":"ListItem","position":1,"name":"Trang ch\u1ee7","item":"https:\/\/dothoquynhanh.com\/"},{"@type":"ListItem","position":2,"name":"S\u1ea3n ph\u1ea9m","item":"https:\/\/dothoquynhanh.com\/?page_id=64"},{"@type":"ListItem","position":3,"name":"B\u1ed9 \u0110\u1ed3 Th\u1edd B\u1eb1ng \u0110\u1ed3ng \u0110en Vi\u1ec1n V\u00e0ng"}]},{"@type":"WebSite","@id":"https:\/\/dothoquynhanh.com\/#website","url":"https:\/\/dothoquynhanh.com\/","name":"dothoquynhanh","description":"\u0110\u1ed2 TH\u1edc PHONG TH\u1ee6Y CAO C\u1ea4P QU\u1ef2NH ANH","publisher":{"@id":"https:\/\/dothoquynhanh.com\/#\/schema\/person\/9a6a0bff9151168cc437e710214dc286"},"potentialAction":[{"@type":"SearchAction","target":{"@type":"EntryPoint","urlTemplate":"https:\/\/dothoquynhanh.com\/?s={search_term_string}"},"query-input":{"@type":"PropertyValueSpecification","valueRequired":true,"valueName":"search_term_string"}}],"inLanguage":"vi"},{"@type":["Person","Organization"],"@id":"https:\/\/dothoquynhanh.com\/#\/schema\/person\/9a6a0bff9151168cc437e710214dc286","name":"Qu\u1ef3nh Anh","image":{"@type":"ImageObject","inLanguage":"vi","@id":"https:\/\/secure.gravatar.com\/avatar\/a86689d41574456e4a65d69a1f70c64ef3172d5d71e939217b478f5347cec268?s=96&d=mm&r=g","url":"https:\/\/secure.gravatar.com\/avatar\/a86689d41574456e4a65d69a1f70c64ef3172d5d71e939217b478f5347cec268?s=96&d=mm&r=g","contentUrl":"https:\/\/secure.gravatar.com\/avatar\/a86689d41574456e4a65d69a1f70c64ef3172d5d71e939217b478f5347cec268?s=96&d=mm&r=g","caption":"Qu\u1ef3nh Anh"},"logo":{"@id":"https:\/\/secure.gravatar.com\/avatar\/a86689d41574456e4a65d69a1f70c64ef3172d5d71e939217b478f5347cec268?s=96&d=mm&r=g"},"sameAs":["https:\/\/dothoquynhanh.com","admin"]}]}},"_links":{"self":[{"href":"https:\/\/dothoquynhanh.com\/index.php?rest_route=\/wp\/v2\/product\/3131","targetHints":{"allow":["GET"]}}],"collection":[{"href":"https:\/\/dothoquynhanh.com\/index.php?rest_route=\/wp\/v2\/product"}],"about":[{"href":"https:\/\/dothoquynhanh.com\/index.php?rest_route=\/wp\/v2\/types\/product"}],"replies":[{"embeddable":true,"href":"https:\/\/dothoquynhanh.com\/index.php?rest_route=%2Fwp%2Fv2%2Fcomments&post=3131"}],"wp:featuredmedia":[{"embeddable":true,"href":"https:\/\/dothoquynhanh.com\/index.php?rest_route=\/wp\/v2\/media\/3132"}],"wp:attachment":[{"href":"https:\/\/dothoquynhanh.com\/index.php?rest_route=%2Fwp%2Fv2%2Fmedia&parent=3131"}],"wp:term":[{"taxonomy":"product_brand","embeddable":true,"href":"https:\/\/dothoquynhanh.com\/index.php?rest_route=%2Fwp%2Fv2%2Fproduct_brand&post=3131"},{"taxonomy":"product_cat","embeddable":true,"href":"https:\/\/dothoquynhanh.com\/index.php?rest_route=%2Fwp%2Fv2%2Fproduct_cat&post=3131"},{"taxonomy":"product_tag","embeddable":true,"href":"https:\/\/dothoquynhanh.com\/index.php?rest_route=%2Fwp%2Fv2%2Fproduct_tag&post=3131"}],"curies":[{"name":"wp","href":"https:\/\/api.w.org\/{rel}","templated":true}]}}